{"id":967,"date":"2020-11-20T15:56:39","date_gmt":"2020-11-20T08:56:39","guid":{"rendered":"http:\/\/duyhungmotor.com\/?post_type=product&#038;p=967"},"modified":"2020-11-20T15:56:39","modified_gmt":"2020-11-20T08:56:39","slug":"jili-sh-do","status":"publish","type":"product","link":"https:\/\/duyhungmotor.com\/?product=jili-sh-do","title":{"rendered":"JiLi SH \u0111\u1ecf"},"content":{"rendered":"<p><img loading=\"lazy\" decoding=\"async\" class=\"alignnone size-full wp-image-564\" src=\"http:\/\/xedapdienjili.com\/wp-content\/uploads\/2016\/05\/12.jpg\" alt=\"12\" width=\"940\" height=\"1498\" \/><\/p>\n<p><strong>A Th\u00f4ng s\u1ed1 k\u1ef9 thu\u1eadt<\/strong><\/p>\n<p>&nbsp;<\/p>\n<ol>\n<li>K\u00edch th\u01b0\u1edbc xe ( D*R*C): 1730*710*960<\/li>\n<li>T\u1ed1c \u0111\u1ed9 t\u1ed1i \u0111a: 40km\/h<\/li>\n<li>Ch\u1eb7ng \u0111\u01b0\u1eddng \u0111i m\u1ed7i l\u1ea7n n\u1ea1p \u0111i\u1ec7n: \u2265 60km<\/li>\n<li>Ki\u1ec3u \u0111\u1ed9ng c\u01a1: \u0110\u1ed9ng c\u01a1 m\u1ed9t chi\u1ec1u kh\u00f4ng ch\u1ed5i than<\/li>\n<li>C\u00f4ng su\u1ea5t l\u1edbn nh\u1ea5t: 500W<\/li>\n<li>\u0110i\u1ec7n \u00e1p h\u1ea1n \u0111\u1ecbnh: 60V<\/li>\n<li>\u1eaec quy: 60V20Ah<\/li>\n<li>Th\u1eddi gian n\u1ea1p \u0111i\u1ec7n: 6-8h<\/li>\n<\/ol>\n<p><strong>B T\u00ednh n\u0103ng n\u1ed5i b\u1eadt<\/strong><\/p>\n<ol>\n<li>Ch\u1ee9c n\u0103ng s\u1ea1c \u0111i\u1ec7n USB cho \u0111i\u1ec7n tho\u1ea1i<\/li>\n<li>K\u1ebft c\u1ea5u m\u1ea1nh m\u1ebd<\/li>\n<li>Th\u00e2n xe d\u1ebbo dai<\/li>\n<li>M\u00e0u s\u1eafc th\u1ec3 thao, n\u0103ng l\u01b0\u1ee3ng m\u1ea1nh m\u1ebd<\/li>\n<li>Phun s\u01a1n c\u00f4ng ngh\u1ec7 \u0110\u1ee9c<\/li>\n<li>Phanh \u0111\u0129a tr\u01b0\u1edbc v\u1edbi thi\u1ebft k\u1ebf ch\u1ed1ng b\u00f3 c\u1ee9ng<\/li>\n<li>B\u1ed9 ph\u1eadn \u0111i\u1ec1u t\u1ed1c \u00eam \u00e1i<\/li>\n<li>M\u00f4 t\u01a1 thi\u1ebft k\u1ebf h\u00ecnh ch\u1ee9 T<\/li>\n<\/ol>\n","protected":false},"excerpt":{"rendered":"<p>A Th\u00f4ng s\u1ed1 k\u1ef9 thu\u1eadt &nbsp; K\u00edch th\u01b0\u1edbc xe ( D*R*C): 1730*710*960 T\u1ed1c \u0111\u1ed9 t\u1ed1i \u0111a: 40km\/h Ch\u1eb7ng \u0111\u01b0\u1eddng \u0111i m\u1ed7i l\u1ea7n n\u1ea1p \u0111i\u1ec7n: \u2265 60km Ki\u1ec3u \u0111\u1ed9ng c\u01a1: \u0110\u1ed9ng c\u01a1 m\u1ed9t chi\u1ec1u kh\u00f4ng ch\u1ed5i than C\u00f4ng su\u1ea5t l\u1edbn nh\u1ea5t: 500W \u0110i\u1ec7n \u00e1p h\u1ea1n \u0111\u1ecbnh: 60V \u1eaec quy: 60V20Ah Th\u1eddi gian n\u1ea1p \u0111i\u1ec7n: 6-8h B [&hellip;]<\/p>\n","protected":false},"featured_media":972,"template":"","meta":[],"class_list":{"0":"post-967","1":"product","2":"type-product","3":"status-publish","4":"has-post-thumbnail","6":"product_cat-xe-may-hang","8":"first","9":"instock","10":"shipping-taxable","11":"product-type-simple"},"yoast_head":"<!-- This site is optimized with the Yoast SEO plugin v19.10 - https:\/\/yoast.com\/wordpress\/plugins\/seo\/ -->\n<title>JiLi SH \u0111\u1ecf -<\/title>\n<meta name=\"robots\" content=\"index, follow, max-snippet:-1, max-image-preview:large, max-video-preview:-1\" \/>\n<link rel=\"canonical\" href=\"https:\/\/duyhungmotor.com\/?product=jili-sh-do\" \/>\n<meta property=\"og:locale\" content=\"vi_VN\" \/>\n<meta property=\"og:type\" content=\"article\" \/>\n<meta property=\"og:title\" content=\"JiLi SH \u0111\u1ecf -\" \/>\n<meta property=\"og:description\" content=\"A Th\u00f4ng s\u1ed1 k\u1ef9 thu\u1eadt &nbsp; K\u00edch th\u01b0\u1edbc xe ( D*R*C): 1730*710*960 T\u1ed1c \u0111\u1ed9 t\u1ed1i \u0111a: 40km\/h Ch\u1eb7ng \u0111\u01b0\u1eddng \u0111i m\u1ed7i l\u1ea7n n\u1ea1p \u0111i\u1ec7n: \u2265 60km Ki\u1ec3u \u0111\u1ed9ng c\u01a1: \u0110\u1ed9ng c\u01a1 m\u1ed9t chi\u1ec1u kh\u00f4ng ch\u1ed5i than C\u00f4ng su\u1ea5t l\u1edbn nh\u1ea5t: 500W \u0110i\u1ec7n \u00e1p h\u1ea1n \u0111\u1ecbnh: 60V \u1eaec quy: 60V20Ah Th\u1eddi gian n\u1ea1p \u0111i\u1ec7n: 6-8h B [&hellip;]\" \/>\n<meta property=\"og:url\" content=\"https:\/\/duyhungmotor.com\/?product=jili-sh-do\" \/>\n<meta property=\"og:image\" content=\"https:\/\/duyhungmotor.com\/wp-content\/uploads\/2020\/11\/AG3V3632-1100x674-1.jpg\" \/>\n\t<meta property=\"og:image:width\" content=\"1100\" \/>\n\t<meta property=\"og:image:height\" content=\"674\" \/>\n\t<meta property=\"og:image:type\" content=\"image\/jpeg\" \/>\n<meta name=\"twitter:card\" content=\"summary_large_image\" \/>\n<meta name=\"twitter:label1\" content=\"\u01af\u1edbc t\u00ednh th\u1eddi gian \u0111\u1ecdc\" \/>\n\t<meta name=\"twitter:data1\" content=\"1 ph\u00fat\" \/>\n<script type=\"application\/ld+json\" class=\"yoast-schema-graph\">{\"@context\":\"https:\/\/schema.org\",\"@graph\":[{\"@type\":\"WebPage\",\"@id\":\"https:\/\/duyhungmotor.com\/?product=jili-sh-do\",\"url\":\"https:\/\/duyhungmotor.com\/?product=jili-sh-do\",\"name\":\"JiLi SH \u0111\u1ecf -\",\"isPartOf\":{\"@id\":\"https:\/\/duyhungmotor.com\/#website\"},\"datePublished\":\"2020-11-20T08:56:39+00:00\",\"dateModified\":\"2020-11-20T08:56:39+00:00\",\"breadcrumb\":{\"@id\":\"https:\/\/duyhungmotor.com\/?product=jili-sh-do#breadcrumb\"},\"inLanguage\":\"vi\",\"potentialAction\":[{\"@type\":\"ReadAction\",\"target\":[\"https:\/\/duyhungmotor.com\/?product=jili-sh-do\"]}]},{\"@type\":\"BreadcrumbList\",\"@id\":\"https:\/\/duyhungmotor.com\/?product=jili-sh-do#breadcrumb\",\"itemListElement\":[{\"@type\":\"ListItem\",\"position\":1,\"name\":\"Trang ch\u1ee7\",\"item\":\"https:\/\/duyhungmotor.com\/\"},{\"@type\":\"ListItem\",\"position\":2,\"name\":\"JiLi SH \u0111\u1ecf\"}]},{\"@type\":\"WebSite\",\"@id\":\"https:\/\/duyhungmotor.com\/#website\",\"url\":\"https:\/\/duyhungmotor.com\/\",\"name\":\"\",\"description\":\"\u0110\u1ea1i l\u00fd Xe M\u00e1y - Xe \u0110i\u1ec7n\",\"potentialAction\":[{\"@type\":\"SearchAction\",\"target\":{\"@type\":\"EntryPoint\",\"urlTemplate\":\"https:\/\/duyhungmotor.com\/?s={search_term_string}\"},\"query-input\":\"required name=search_term_string\"}],\"inLanguage\":\"vi\"}]}<\/script>\n<!-- \/ Yoast SEO plugin. -->","yoast_head_json":{"title":"JiLi SH \u0111\u1ecf -","robots":{"index":"index","follow":"follow","max-snippet":"max-snippet:-1","max-image-preview":"max-image-preview:large","max-video-preview":"max-video-preview:-1"},"canonical":"https:\/\/duyhungmotor.com\/?product=jili-sh-do","og_locale":"vi_VN","og_type":"article","og_title":"JiLi SH \u0111\u1ecf -","og_description":"A Th\u00f4ng s\u1ed1 k\u1ef9 thu\u1eadt &nbsp; K\u00edch th\u01b0\u1edbc xe ( D*R*C): 1730*710*960 T\u1ed1c \u0111\u1ed9 t\u1ed1i \u0111a: 40km\/h Ch\u1eb7ng \u0111\u01b0\u1eddng \u0111i m\u1ed7i l\u1ea7n n\u1ea1p \u0111i\u1ec7n: \u2265 60km Ki\u1ec3u \u0111\u1ed9ng c\u01a1: \u0110\u1ed9ng c\u01a1 m\u1ed9t chi\u1ec1u kh\u00f4ng ch\u1ed5i than C\u00f4ng su\u1ea5t l\u1edbn nh\u1ea5t: 500W \u0110i\u1ec7n \u00e1p h\u1ea1n \u0111\u1ecbnh: 60V \u1eaec quy: 60V20Ah Th\u1eddi gian n\u1ea1p \u0111i\u1ec7n: 6-8h B [&hellip;]","og_url":"https:\/\/duyhungmotor.com\/?product=jili-sh-do","og_image":[{"width":1100,"height":674,"url":"https:\/\/duyhungmotor.com\/wp-content\/uploads\/2020\/11\/AG3V3632-1100x674-1.jpg","type":"image\/jpeg"}],"twitter_card":"summary_large_image","twitter_misc":{"\u01af\u1edbc t\u00ednh th\u1eddi gian \u0111\u1ecdc":"1 ph\u00fat"},"schema":{"@context":"https:\/\/schema.org","@graph":[{"@type":"WebPage","@id":"https:\/\/duyhungmotor.com\/?product=jili-sh-do","url":"https:\/\/duyhungmotor.com\/?product=jili-sh-do","name":"JiLi SH \u0111\u1ecf -","isPartOf":{"@id":"https:\/\/duyhungmotor.com\/#website"},"datePublished":"2020-11-20T08:56:39+00:00","dateModified":"2020-11-20T08:56:39+00:00","breadcrumb":{"@id":"https:\/\/duyhungmotor.com\/?product=jili-sh-do#breadcrumb"},"inLanguage":"vi","potentialAction":[{"@type":"ReadAction","target":["https:\/\/duyhungmotor.com\/?product=jili-sh-do"]}]},{"@type":"BreadcrumbList","@id":"https:\/\/duyhungmotor.com\/?product=jili-sh-do#breadcrumb","itemListElement":[{"@type":"ListItem","position":1,"name":"Trang ch\u1ee7","item":"https:\/\/duyhungmotor.com\/"},{"@type":"ListItem","position":2,"name":"JiLi SH \u0111\u1ecf"}]},{"@type":"WebSite","@id":"https:\/\/duyhungmotor.com\/#website","url":"https:\/\/duyhungmotor.com\/","name":"","description":"\u0110\u1ea1i l\u00fd Xe M\u00e1y - Xe \u0110i\u1ec7n","potentialAction":[{"@type":"SearchAction","target":{"@type":"EntryPoint","urlTemplate":"https:\/\/duyhungmotor.com\/?s={search_term_string}"},"query-input":"required name=search_term_string"}],"inLanguage":"vi"}]}},"_links":{"self":[{"href":"https:\/\/duyhungmotor.com\/index.php?rest_route=\/wp\/v2\/product\/967","targetHints":{"allow":["GET"]}}],"collection":[{"href":"https:\/\/duyhungmotor.com\/index.php?rest_route=\/wp\/v2\/product"}],"about":[{"href":"https:\/\/duyhungmotor.com\/index.php?rest_route=\/wp\/v2\/types\/product"}],"wp:featuredmedia":[{"embeddable":true,"href":"https:\/\/duyhungmotor.com\/index.php?rest_route=\/wp\/v2\/media\/972"}],"wp:attachment":[{"href":"https:\/\/duyhungmotor.com\/index.php?rest_route=%2Fwp%2Fv2%2Fmedia&parent=967"}],"curies":[{"name":"wp","href":"https:\/\/api.w.org\/{rel}","templated":true}]}}