{"id":955,"date":"2020-11-20T15:42:54","date_gmt":"2020-11-20T08:42:54","guid":{"rendered":"http:\/\/duyhungmotor.com\/?post_type=product&#038;p=955"},"modified":"2020-11-27T00:53:49","modified_gmt":"2020-11-26T17:53:49","slug":"xe-may-dien-osakar-s8","status":"publish","type":"product","link":"https:\/\/duyhungmotor.com\/?product=xe-may-dien-osakar-s8","title":{"rendered":"XE M\u00c1Y \u0110I\u1ec6N OSAKAR S8"},"content":{"rendered":"<h3 class=\"content-block-title\">\u0110\u1eb7c \u0111i\u1ec3m n\u1ed5i b\u1eadt<\/h3>\n<table>\n<tbody>\n<tr>\n<td><img decoding=\"async\" title=\"B\u00e1nh tr\u01b0\u1edbc Xe m\u00e1y \u0111i\u1ec7n Osakar S8\" src=\"https:\/\/thegioixechaydien.com.vn\/uploads\/files\/san-pham\/xe-may-dien\/2017\/10\/Osakar-S8\/banh-truoc-xe-may-dien-Osakar-S8.jpg\" alt=\"B\u00e1nh tr\u01b0\u1edbc Xe m\u00e1y \u0111i\u1ec7n Osakar S8 v\u1edbi v\u00e0nh \u0111\u00fac h\u1ee3p kim\" \/><\/p>\n<p>B\u00e1nh tr\u01b0\u1edbc v\u1edbi th\u1eafng c\u01a1 an to\u00e0n<\/p>\n<p>Xe m\u00e1y \u0111i\u1ec7n Osakar S8 \u0111\u01b0\u1ee3c trang b\u1ecb th\u1eafng c\u01a1, to\u00e0n gi\u00fap h\u1ea1n ch\u1ebf t\u1ed1c \u0111\u1ed9 theo \u00fd ng\u01b0\u1eddi \u0111i\u1ec1u khi\u1ec3n, v\u00e0nh \u0111\u00fac h\u1ee3p kim ch\u1eafc ch\u1eafn v\u00e0 b\u00e1nh kh\u00f4ng ru\u1ed9t c\u00f3 kh\u1ea3n n\u0103ng b\u00e1m \u0111\u01b0\u1eddng cao.<\/td>\n<td><img decoding=\"async\" title=\"\u0110\u00e8n pha Xe m\u00e1y \u0111i\u1ec7n Osakar S8\" src=\"https:\/\/thegioixechaydien.com.vn\/uploads\/files\/san-pham\/xe-may-dien\/2017\/10\/Osakar-S8\/den-pha-xe-may-dien-Osakar-S8.jpg\" alt=\"\u0110\u00e8n pha Xe m\u00e1y \u0111i\u1ec7n Osakar S8 v\u1edbi thi\u1ebft k\u1ebf th\u00f4ng minh\" \/><\/p>\n<p>\u0110\u00e8n pha c\u1ea3i ti\u1ebfn v\u1edbi thi\u1ebft k\u1ebf \u0111\u1ed9c \u0111\u00e1o<\/p>\n<p>Xe m\u00e1y \u0111i\u1ec7n Osakar S8 s\u1eed d\u1ee5ng \u0111\u00e8n pha v\u1edbi thi\u1ebft k\u1ebf \u0111\u1ed9c \u0111\u00e1o, \u0111\u01b0\u1ee3c c\u1ea3i ti\u1ebft v\u1edbi \u0111\u00e8n led si\u00eau s\u00e1ng, m\u1eb7t \u0111\u1ed3ng h\u1ed3 \u0111i\u1ec7n t\u1eed, gi\u00fap th\u00f4ng b\u00e1o c\u00e1c th\u00f4ng s\u1ed1 k\u1ef9 thu\u1eadt c\u1ee7a xe v\u00e0 g\u00f3c quan s\u00e1t t\u1ed1t nh\u1ea5t cho ng\u01b0\u1eddi \u0111i\u1ec1u khi\u1ec3n.<\/td>\n<\/tr>\n<tr>\n<td><img decoding=\"async\" title=\"\u0110\u1ec3 ch\u00e2n Xe m\u00e1y \u0111i\u1ec7n Osakar S8\" src=\"https:\/\/thegioixechaydien.com.vn\/uploads\/files\/san-pham\/xe-may-dien\/2017\/10\/Osakar-S8\/de-chan-xe-may-dien-Osakar-S8.jpg\" alt=\"\u0110\u1ec3 ch\u00e2n Xe m\u00e1y \u0111i\u1ec7n Osakar S8 v\u1edbi kho\u1ea3ng c\u00e1ch ph\u00f9 h\u1ee3p\" \/><\/p>\n<p>\u0110\u1ec3 ch\u00e2n v\u00e0 b\u00ecnh \u1eafc quy<\/p>\n<p>Xe m\u00e1y \u0111i\u1ec7n Osakar S8 c\u00f3 b\u00ecnh \u1eafc quy \u0111\u01b0\u1ee3c b\u1ed1 tr\u00ed \u1edf ph\u1ea7n th\u00e2n d\u01b0\u1edbi c\u1ee7a xe, ph\u00eda b\u00ean tr\u00ean l\u00e0 th\u1ea3m \u0111\u1ec3 ch\u00e2n, gi\u00fap chi\u1ebfc xe tr\u00f4ng \u0111\u1eb9p h\u01a1n v\u00e0 ng\u01b0\u1eddi \u0111i\u1ec1u khi\u1ec3n tho\u1ea3i m\u00e1i h\u01a1n khi v\u1eadn h\u00e0nh.<\/td>\n<td><img decoding=\"async\" title=\"Y\u00ean Xe m\u00e1y \u0111i\u1ec7n Osakar S8\" src=\"https:\/\/thegioixechaydien.com.vn\/uploads\/files\/san-pham\/xe-may-dien\/2017\/10\/Osakar-S8\/yen-xe-may-dien-Osakar-S8.jpg\" alt=\"Y\u00ean Xe m\u00e1y \u0111i\u1ec7n Osakar S8 v\u1edbi thi\u1ebft k\u1ebf li\u1ec1n kh\u1ed1i\" \/><\/p>\n<p>Y\u00ean li\u1ec1n v\u1edbi nhi\u1ec1u m\u00e0u s\u1eafc<\/p>\n<p>Xe m\u00e1y \u0111i\u1ec7n Osakar S8 c\u00f3 y\u00ean xe v\u1edbi nhi\u1ec1u m\u00e0u s\u1eafc kh\u00e1c nhau, \u0111\u01b0\u1ee3c l\u00e0m t\u1eeb c\u00e1c ch\u1ea5t li\u1ec7u cao c\u1ea5p nh\u1ea5t, c\u00f3 th\u1ec3 ng\u1ed3i \u0111\u01b0\u1ee3c \u0111\u1ed3ng th\u1eddi 2 ng\u01b0\u1eddi l\u1edbn, t\u1ea1o s\u1ef1 thu\u1eadn ti\u1ec7n v\u00e0 tho\u1ea3i m\u00e1i cho ng\u01b0\u1eddi ng\u1ed3i.<\/td>\n<\/tr>\n<tr>\n<td><img decoding=\"async\" title=\"Gi\u1ea3m s\u00f3c d\u1ea7u Xe m\u00e1y \u0111i\u1ec7n Osakar S8\" src=\"https:\/\/thegioixechaydien.com.vn\/uploads\/files\/san-pham\/xe-may-dien\/2017\/10\/Osakar-S8\/giam-soc-xe-may-dien-Osakar-S8.jpg\" alt=\"Gi\u1ea3m s\u00f3c d\u1ea7u Xe m\u00e1y \u0111i\u1ec7n Osakar S8 v\u1edbi kh\u1ea3n n\u0103ng ch\u1ecbu l\u1ee5c tuy\u1ec7t v\u1eddi\" \/><\/p>\n<div>\n<p>Gi\u1ea3m x\u00f3c d\u1ea7u v\u1eddi kh\u1ea3n n\u0103ng ch\u1ecbu l\u1ef1c cao<\/p>\n<p><strong>Xe m\u00e1y \u0111i\u1ec7n Osakar S8<\/strong> c\u00f3 gi\u1ea3m x\u00f3c d\u1ea7u v\u1edbi kh\u1ea3n n\u0103ng ch\u1ecbu l\u1ef1c l\u00ean \u0111\u1ebfn 140kg, c\u00f3 th\u1ec3 ch\u1edf \u0111\u01b0\u1ee3c hai ng\u01b0\u1eddi l\u1edbn di chuy\u1ec3n m\u1ed9t c\u00e1ch nh\u1eb9 nh\u00e0ng qua c\u00e1c \u0111\u1ecba h\u00ecnh kh\u00e1c nhau.<\/p>\n<\/div>\n<\/td>\n<td><img decoding=\"async\" title=\"\u0110\u1ed9ng c\u01a1 Xe m\u00e1y \u0111i\u1ec7n Osakar S8\" src=\"https:\/\/thegioixechaydien.com.vn\/uploads\/files\/san-pham\/xe-may-dien\/2017\/10\/Osakar-S8\/dong-co-xe-may-dien-Osakar-S8.jpg\" alt=\"\u0110\u1ed9ng c\u01a1 Xe m\u00e1y \u0111i\u1ec7n Osakar S8 m\u1ea1nh m\u1ebd v\u1edbi c\u00f4ng ngh\u1ec7 Nh\u1eadt B\u1ea3n\" \/><\/p>\n<div>\n<p>\u0110\u1ed9ng c\u01a1 v\u00e0 b\u00e1nh sau<\/p>\n<p><strong>Xe m\u00e1y \u0111i\u1ec7n Osakar S8<\/strong> c\u00f3 \u0111\u1ed9ng c\u01a1 \u0111\u01b0\u1ee3c thi\u1ebft k\u1ebf theo ti\u00eau chu\u1ea9n qu\u1ed1c t\u1ebf, v\u1edbi kh\u1ea3n n\u0103ng ti\u00eat ki\u1ec7m n\u0103ng l\u01b0\u1ee3ng t\u1ed1i \u0111a, v\u1edbi \u0111\u1ed9 b\u1ec1n cao, ch\u1ed1ng n\u01b0\u1edbc t\u1ed1t, \u0111\u01b0\u1ee3c bao quanh b\u1edfi b\u00e1nh sau v\u1edbi nhi\u1ec1u ch\u1ee9c n\u0103ng.<\/p>\n<\/div>\n<\/td>\n<\/tr>\n<\/tbody>\n<\/table>\n","protected":false},"excerpt":{"rendered":"<ul>\n<li>B\u1ea3o h\u00e0nh \u0111\u1ed9ng c\u01a1 \u0111i\u1ec7n: 1 n\u0103m.<\/li>\n<li>B\u1ea3o h\u00e0nh b\u1ed9 \u0111i\u1ec1u khi\u1ec3n: 1 n\u0103m.<\/li>\n<li>B\u1ea3o h\u00e0nh \u1eafc quy: thay th\u1ebf trong v\u00f2ng 6 th\u00e1ng \u2013 s\u1eeda ch\u1eefa trong v\u00f2ng 1 n\u0103m.<\/li>\n<li>B\u1ea3o h\u00e0nh gi\u1ea3m s\u00f3c: gi\u1ea3m s\u00f3c tr\u01b0\u1edbc 6 th\u00e1ng \u2013 gi\u1ea3m s\u00f3c sau 2 n\u0103m<\/li>\n<li>B\u1ea3o h\u00e0nh khung xe, tay l\u00e1i: trong v\u00f2ng 1 n\u0103m<\/li>\n<\/ul>\n<h4><span style=\"color: #ff0000;\"><strong>KHUY\u1ebeN M\u1ea0I:<\/strong><\/span><\/h4>\n<ul>\n<li>Giao h\u00e0ng mi\u1ec5n ph\u00ed trong 30km.<\/li>\n<li>M\u0169 b\u1ea3o hi\u1ec3m \u0111\u1ea1t chu\u1ea9n.<\/li>\n<li>\u00c1o m\u01b0a \u0111\u1ea1t chu\u1ea9n.<\/li>\n<li>Gi\u1ecf xe.<\/li>\n<\/ul>\n","protected":false},"featured_media":959,"template":"","meta":[],"class_list":{"0":"post-955","1":"product","2":"type-product","3":"status-publish","4":"has-post-thumbnail","6":"product_cat-osakar","8":"first","9":"instock","10":"shipping-taxable","11":"product-type-simple"},"yoast_head":"<!-- This site is optimized with the Yoast SEO plugin v19.10 - https:\/\/yoast.com\/wordpress\/plugins\/seo\/ -->\n<title>XE M\u00c1Y \u0110I\u1ec6N OSAKAR S8 -<\/title>\n<meta name=\"robots\" content=\"index, follow, max-snippet:-1, max-image-preview:large, max-video-preview:-1\" \/>\n<link rel=\"canonical\" href=\"https:\/\/duyhungmotor.com\/?product=xe-may-dien-osakar-s8\" \/>\n<meta property=\"og:locale\" content=\"vi_VN\" \/>\n<meta property=\"og:type\" content=\"article\" \/>\n<meta property=\"og:title\" content=\"XE M\u00c1Y \u0110I\u1ec6N OSAKAR S8 -\" \/>\n<meta property=\"og:description\" content=\"B\u1ea3o h\u00e0nh \u0111\u1ed9ng c\u01a1 \u0111i\u1ec7n: 1 n\u0103m.  B\u1ea3o h\u00e0nh b\u1ed9 \u0111i\u1ec1u khi\u1ec3n: 1 n\u0103m.  B\u1ea3o h\u00e0nh \u1eafc quy: thay th\u1ebf trong v\u00f2ng 6 th\u00e1ng \u2013 s\u1eeda ch\u1eefa trong v\u00f2ng 1 n\u0103m.  B\u1ea3o h\u00e0nh gi\u1ea3m s\u00f3c: gi\u1ea3m s\u00f3c tr\u01b0\u1edbc 6 th\u00e1ng \u2013 gi\u1ea3m s\u00f3c sau 2 n\u0103m  B\u1ea3o h\u00e0nh khung xe, tay l\u00e1i: trong v\u00f2ng 1 n\u0103m  KHUY\u1ebeN M\u1ea0I:   Giao h\u00e0ng mi\u1ec5n ph\u00ed trong 30km.  M\u0169 b\u1ea3o hi\u1ec3m \u0111\u1ea1t chu\u1ea9n.  \u00c1o m\u01b0a \u0111\u1ea1t chu\u1ea9n.  Gi\u1ecf xe.\" \/>\n<meta property=\"og:url\" content=\"https:\/\/duyhungmotor.com\/?product=xe-may-dien-osakar-s8\" \/>\n<meta property=\"article:modified_time\" content=\"2020-11-26T17:53:49+00:00\" \/>\n<meta property=\"og:image\" content=\"https:\/\/duyhungmotor.com\/wp-content\/uploads\/2020\/11\/xe-may-dien-osakar-s8586.jpg\" \/>\n\t<meta property=\"og:image:width\" content=\"800\" \/>\n\t<meta property=\"og:image:height\" content=\"600\" \/>\n\t<meta property=\"og:image:type\" content=\"image\/jpeg\" \/>\n<meta name=\"twitter:card\" content=\"summary_large_image\" \/>\n<meta name=\"twitter:label1\" content=\"\u01af\u1edbc t\u00ednh th\u1eddi gian \u0111\u1ecdc\" \/>\n\t<meta name=\"twitter:data1\" content=\"2 ph\u00fat\" \/>\n<script type=\"application\/ld+json\" class=\"yoast-schema-graph\">{\"@context\":\"https:\/\/schema.org\",\"@graph\":[{\"@type\":\"WebPage\",\"@id\":\"https:\/\/duyhungmotor.com\/?product=xe-may-dien-osakar-s8\",\"url\":\"https:\/\/duyhungmotor.com\/?product=xe-may-dien-osakar-s8\",\"name\":\"XE M\u00c1Y \u0110I\u1ec6N OSAKAR S8 -\",\"isPartOf\":{\"@id\":\"https:\/\/duyhungmotor.com\/#website\"},\"datePublished\":\"2020-11-20T08:42:54+00:00\",\"dateModified\":\"2020-11-26T17:53:49+00:00\",\"breadcrumb\":{\"@id\":\"https:\/\/duyhungmotor.com\/?product=xe-may-dien-osakar-s8#breadcrumb\"},\"inLanguage\":\"vi\",\"potentialAction\":[{\"@type\":\"ReadAction\",\"target\":[\"https:\/\/duyhungmotor.com\/?product=xe-may-dien-osakar-s8\"]}]},{\"@type\":\"BreadcrumbList\",\"@id\":\"https:\/\/duyhungmotor.com\/?product=xe-may-dien-osakar-s8#breadcrumb\",\"itemListElement\":[{\"@type\":\"ListItem\",\"position\":1,\"name\":\"Trang ch\u1ee7\",\"item\":\"https:\/\/duyhungmotor.com\/\"},{\"@type\":\"ListItem\",\"position\":2,\"name\":\"XE M\u00c1Y \u0110I\u1ec6N OSAKAR S8\"}]},{\"@type\":\"WebSite\",\"@id\":\"https:\/\/duyhungmotor.com\/#website\",\"url\":\"https:\/\/duyhungmotor.com\/\",\"name\":\"\",\"description\":\"\u0110\u1ea1i l\u00fd Xe M\u00e1y - Xe \u0110i\u1ec7n\",\"potentialAction\":[{\"@type\":\"SearchAction\",\"target\":{\"@type\":\"EntryPoint\",\"urlTemplate\":\"https:\/\/duyhungmotor.com\/?s={search_term_string}\"},\"query-input\":\"required name=search_term_string\"}],\"inLanguage\":\"vi\"}]}<\/script>\n<!-- \/ Yoast SEO plugin. -->","yoast_head_json":{"title":"XE M\u00c1Y \u0110I\u1ec6N OSAKAR S8 -","robots":{"index":"index","follow":"follow","max-snippet":"max-snippet:-1","max-image-preview":"max-image-preview:large","max-video-preview":"max-video-preview:-1"},"canonical":"https:\/\/duyhungmotor.com\/?product=xe-may-dien-osakar-s8","og_locale":"vi_VN","og_type":"article","og_title":"XE M\u00c1Y \u0110I\u1ec6N OSAKAR S8 -","og_description":"B\u1ea3o h\u00e0nh \u0111\u1ed9ng c\u01a1 \u0111i\u1ec7n: 1 n\u0103m.  B\u1ea3o h\u00e0nh b\u1ed9 \u0111i\u1ec1u khi\u1ec3n: 1 n\u0103m.  B\u1ea3o h\u00e0nh \u1eafc quy: thay th\u1ebf trong v\u00f2ng 6 th\u00e1ng \u2013 s\u1eeda ch\u1eefa trong v\u00f2ng 1 n\u0103m.  B\u1ea3o h\u00e0nh gi\u1ea3m s\u00f3c: gi\u1ea3m s\u00f3c tr\u01b0\u1edbc 6 th\u00e1ng \u2013 gi\u1ea3m s\u00f3c sau 2 n\u0103m  B\u1ea3o h\u00e0nh khung xe, tay l\u00e1i: trong v\u00f2ng 1 n\u0103m  KHUY\u1ebeN M\u1ea0I:   Giao h\u00e0ng mi\u1ec5n ph\u00ed trong 30km.  M\u0169 b\u1ea3o hi\u1ec3m \u0111\u1ea1t chu\u1ea9n.  \u00c1o m\u01b0a \u0111\u1ea1t chu\u1ea9n.  Gi\u1ecf xe.","og_url":"https:\/\/duyhungmotor.com\/?product=xe-may-dien-osakar-s8","article_modified_time":"2020-11-26T17:53:49+00:00","og_image":[{"width":800,"height":600,"url":"https:\/\/duyhungmotor.com\/wp-content\/uploads\/2020\/11\/xe-may-dien-osakar-s8586.jpg","type":"image\/jpeg"}],"twitter_card":"summary_large_image","twitter_misc":{"\u01af\u1edbc t\u00ednh th\u1eddi gian \u0111\u1ecdc":"2 ph\u00fat"},"schema":{"@context":"https:\/\/schema.org","@graph":[{"@type":"WebPage","@id":"https:\/\/duyhungmotor.com\/?product=xe-may-dien-osakar-s8","url":"https:\/\/duyhungmotor.com\/?product=xe-may-dien-osakar-s8","name":"XE M\u00c1Y \u0110I\u1ec6N OSAKAR S8 -","isPartOf":{"@id":"https:\/\/duyhungmotor.com\/#website"},"datePublished":"2020-11-20T08:42:54+00:00","dateModified":"2020-11-26T17:53:49+00:00","breadcrumb":{"@id":"https:\/\/duyhungmotor.com\/?product=xe-may-dien-osakar-s8#breadcrumb"},"inLanguage":"vi","potentialAction":[{"@type":"ReadAction","target":["https:\/\/duyhungmotor.com\/?product=xe-may-dien-osakar-s8"]}]},{"@type":"BreadcrumbList","@id":"https:\/\/duyhungmotor.com\/?product=xe-may-dien-osakar-s8#breadcrumb","itemListElement":[{"@type":"ListItem","position":1,"name":"Trang ch\u1ee7","item":"https:\/\/duyhungmotor.com\/"},{"@type":"ListItem","position":2,"name":"XE M\u00c1Y \u0110I\u1ec6N OSAKAR S8"}]},{"@type":"WebSite","@id":"https:\/\/duyhungmotor.com\/#website","url":"https:\/\/duyhungmotor.com\/","name":"","description":"\u0110\u1ea1i l\u00fd Xe M\u00e1y - Xe \u0110i\u1ec7n","potentialAction":[{"@type":"SearchAction","target":{"@type":"EntryPoint","urlTemplate":"https:\/\/duyhungmotor.com\/?s={search_term_string}"},"query-input":"required name=search_term_string"}],"inLanguage":"vi"}]}},"_links":{"self":[{"href":"https:\/\/duyhungmotor.com\/index.php?rest_route=\/wp\/v2\/product\/955","targetHints":{"allow":["GET"]}}],"collection":[{"href":"https:\/\/duyhungmotor.com\/index.php?rest_route=\/wp\/v2\/product"}],"about":[{"href":"https:\/\/duyhungmotor.com\/index.php?rest_route=\/wp\/v2\/types\/product"}],"wp:featuredmedia":[{"embeddable":true,"href":"https:\/\/duyhungmotor.com\/index.php?rest_route=\/wp\/v2\/media\/959"}],"wp:attachment":[{"href":"https:\/\/duyhungmotor.com\/index.php?rest_route=%2Fwp%2Fv2%2Fmedia&parent=955"}],"curies":[{"name":"wp","href":"https:\/\/api.w.org\/{rel}","templated":true}]}}