{"id":717,"date":"2020-11-18T10:29:45","date_gmt":"2020-11-18T03:29:45","guid":{"rendered":"http:\/\/duyhungmotor.com\/?post_type=product&#038;p=717"},"modified":"2020-11-18T10:29:45","modified_gmt":"2020-11-18T03:29:45","slug":"shark-mini-125-efi","status":"publish","type":"product","link":"https:\/\/duyhungmotor.com\/?product=shark-mini-125-efi","title":{"rendered":"Shark mini 125 EFI"},"content":{"rendered":"<div class=\"fleft w100per box-detail-products\">\n<div class=\"head\">\n<div class=\"title\" style=\"text-align: center;\"><span class=\"t-first\">\u0110\u1eb6C T\u00cdNH<\/span><span class=\"t-last\">K\u1ef8 THU\u1eacT<\/span><\/div>\n<\/div>\n<div class=\"clear\" style=\"text-align: center;\"><\/div>\n<div class=\"content\" style=\"text-align: center;\">\n<div id=\"slider2_container\">\n<div>\n<div class=\"\">\n<div class=\"slides\"><\/div>\n<div class=\"slides\">\n<div><\/div>\n<div class=\"slides-child\">\n<div class=\"box-jssor-product\"><img decoding=\"async\" class=\"i-img\" src=\"http:\/\/www.sym.com.vn\/images\/products\/specs\/15_1459658586.jpg\" \/><\/p>\n<div class=\"i-box\"><span class=\"fleft w100per detail-title\">N\u00fat m\u1edf y\u00ean ti\u1ec7n l\u1ee3i<\/span><span class=\"fleft w100per detail-content\">N\u00fat m\u1edf y\u00ean \u0111\u1eb7t c\u1ea1nh tay l\u00e1i ph\u1ea3i d\u1ec5 d\u00e0ng m\u1edf y\u00ean m\u00e0 kh\u00f4ng c\u1ea7n \u0111\u1ebfn ch\u00eca kh\u00f3a, r\u1ea5t ti\u1ec7n d\u1ee5ng. Ch\u1ec9 c\u00f3 \u1edf xe SYM.<\/span><\/div>\n<\/div>\n<p><img decoding=\"async\" src=\"http:\/\/www.sym.com.vn\/images\/products\/specs\/15_1459658586.jpg\" \/><\/div>\n<div class=\"slides-child\">\n<div class=\"box-jssor-product\"><img decoding=\"async\" class=\"i-img\" src=\"http:\/\/www.sym.com.vn\/images\/products\/specs\/15_1459658636.jpg\" \/><\/p>\n<div class=\"i-box\"><span class=\"fleft w100per detail-title\">Smart idle<\/span><span class=\"fleft w100per detail-content\">Smart idle l\u00e0 h\u1ec7 th\u1ed1ng d\u1eebng th\u00f4ng minh, \u0111\u1ed9ng c\u01a1 s\u1ebd t\u1ef1 t\u1eaft khi d\u1eebng qu\u00e1 3&#8221;, v\u00e0 ch\u1ec9 c\u1ea7n k\u00e9o nh\u1eb9 ga l\u00e0 xe ho\u1ea1t \u0111\u1ed9ng tr\u1edf l\u1ea1i m\u00e0 kh\u00f4ng c\u1ea7n nh\u1ea5n n\u00fat \u0111\u1ec1. Gi\u00fap ti\u1ebft ki\u1ec7m x\u0103ng v\u00e0 th\u00e2n thi\u1ec7n v\u1edbi m\u00f4i tr\u01b0\u1eddng.<\/span><\/div>\n<\/div>\n<p><img decoding=\"async\" src=\"http:\/\/www.sym.com.vn\/images\/products\/specs\/15_1459658636.jpg\" \/><\/div>\n<div class=\"slides-child\">\n<div class=\"box-jssor-product\"><img decoding=\"async\" class=\"i-img\" src=\"http:\/\/www.sym.com.vn\/images\/products\/specs\/15_1459658653.jpg\" \/><\/p>\n<div class=\"i-box\"><span class=\"fleft w100per detail-title\">Ng\u0103n ch\u1ee9a \u0111\u1ed3 si\u00eau l\u1edbn<\/span><span class=\"fleft w100per detail-content\">Ng\u0103n ch\u1ee9a \u0111\u1ed3 d\u01b0\u1edbi y\u00ean xe si\u00eau l\u1edbn, c\u00f3 th\u1ec3 ch\u1ee9a 2 n\u00f3n b\u1ea3o hi\u1ec3m lo\u1ea1i \u00be \u0111\u1ea7u v\u00e0 nh\u1eefng v\u1eadt d\u1ee5ng c\u1ea7n thi\u1ebft kh\u00e1c.<\/span><\/div>\n<\/div>\n<p><img decoding=\"async\" src=\"http:\/\/www.sym.com.vn\/images\/products\/specs\/15_1459658653.jpg\" \/><\/div>\n<div class=\"slides-child\">\n<div class=\"box-jssor-product\"><img decoding=\"async\" class=\"i-img\" src=\"http:\/\/www.sym.com.vn\/images\/products\/specs\/15_1459658794.jpg\" \/><\/p>\n<div class=\"i-box\"><span class=\"fleft w100per detail-title\">G\u1ea7m xe cao<\/span><span class=\"fleft w100per detail-content\">G\u1ea7m xe cao \u0111\u1ebfn 130mm, cao h\u01a1n c\u00e1c xe c\u00f9ng lo\u1ea1i. Tho\u1ea3i m\u00e1i khi \u0111i \u0111\u01b0\u1eddng g\u1ed3 gh\u1ec1, y\u00ean t\u00e2m kh\u00f4ng lo ch\u1ea1m g\u1ea7m. T\u0103ng th\u00eam kh\u1ea3 n\u0103ng an to\u00e0n cho ng\u01b0\u1eddi l\u00e1i xe.<\/span><\/div>\n<\/div>\n<p><img decoding=\"async\" src=\"http:\/\/www.sym.com.vn\/images\/products\/specs\/15_1459658794.jpg\" \/><\/div>\n<div class=\"slides-child\">\n<div class=\"box-jssor-product\"><img decoding=\"async\" class=\"i-img\" src=\"http:\/\/www.sym.com.vn\/images\/products\/specs\/15_1459658695.jpg\" \/><\/p>\n<div class=\"i-box\"><span class=\"fleft w100per detail-title\">M\u1eb7t n\u1ea1 xe \u1ea5n t\u01b0\u1ee3ng<\/span><span class=\"fleft w100per detail-content\">C\u00e1c \u0111i\u1ec3m nh\u1ea5n tr\u00ean m\u1eb7t n\u1ea1 xe \u0111\u01b0\u1ee3c th\u1ec3 hi\u1ec7n m\u1ec1m m\u1ea1i t\u1eeb c\u00e1ch b\u1ed1 tr\u00ed Logo cho \u0111\u1ebfn \u0111\u00e8n Signal, c\u00f9ng v\u1edbi h\u1ec7 th\u1ed1ng \u0111\u00e8n LED xanh nh\u1eadn d\u1ea1ng truy\u1ec1n th\u1ed1ng c\u1ee7a SYM, t\u1ea1o n\u00ean m\u1ed9t v\u1ebb \u0111\u1eb9p thanh tho\u00e1t.<\/span><\/div>\n<\/div>\n<p><img decoding=\"async\" src=\"http:\/\/www.sym.com.vn\/images\/products\/specs\/15_1459658695.jpg\" \/><\/p>\n<div>\n<div><\/div>\n<div><\/div>\n<\/div>\n<\/div>\n<div class=\"slides-child\">\n<div class=\"box-jssor-product\"><img decoding=\"async\" class=\"i-img\" src=\"http:\/\/www.sym.com.vn\/images\/products\/specs\/15_1459658763.jpg\" \/><\/p>\n<div class=\"i-box\"><span class=\"fleft w100per detail-title\">Ch\u1ed7 \u0111\u1ed5 x\u0103ng ti\u1ec7n l\u1ee3i<\/span><span class=\"fleft w100per detail-content\">V\u1ecb tr\u00ed \u0111\u1ed5 x\u0103ng \u1edf ph\u00eda tr\u01b0\u1edbc, ch\u1ec9 c\u1ea7n xoay ch\u00eca kh\u00f3a sang tr\u00e1i l\u00e0 n\u1eafp x\u0103ng t\u1ef1 bung, r\u1ea5t thu\u1eadn ti\u1ec7n cho vi\u1ec7c \u0111\u1ed5 x\u0103ng.<\/span><\/div>\n<\/div>\n<p><img decoding=\"async\" src=\"http:\/\/www.sym.com.vn\/images\/products\/specs\/15_1459658763.jpg\" \/><\/div>\n<div class=\"slides-child\">\n<div class=\"box-jssor-product\"><img decoding=\"async\" class=\"i-img\" src=\"http:\/\/www.sym.com.vn\/images\/products\/specs\/15_1459658787.jpg\" \/><\/p>\n<div class=\"i-box\"><span class=\"fleft w100per detail-title\">B\u00e1nh xe l\u1edbn<\/span><span class=\"fleft w100per detail-content\">B\u00e1nh xe l\u1edbn 14 Inches gi\u00fap \u1ed5n \u0111\u1ecbnh cho ng\u01b0\u1eddi l\u00e1i v\u00e0 x\u1eed l\u00fd t\u00ecnh hu\u1ed1ng t\u1ed1t h\u01a1n. B\u00e1nh m\u00e2m thi\u1ebft k\u1ebf m\u1edbi theo d\u1ea1ng 5 c\u00e1nh k\u00e9p xo\u1eafn cong, t\u0103ng c\u01b0\u1eddng l\u1ef1c ph\u1ea3n h\u1ed3i, t\u00f4n th\u00eam v\u1ebb \u0111\u1eb9p cho xe. Gi\u00fap linh ho\u1ea1t v\u00e0 \u1ed5n \u0111\u1ecbnh h\u01a1n cho ng\u01b0\u1eddi l\u00e1i xe.<\/span><\/div>\n<\/div>\n<p><img decoding=\"async\" src=\"http:\/\/www.sym.com.vn\/images\/products\/specs\/15_1459658787.jpg\" \/><\/div>\n<\/div>\n<div class=\"jssort03\">\n<div>\n<div class=\"jssort03\">\n<div><\/div>\n<div>\n<div><\/div>\n<\/div>\n<div>\n<div><\/div>\n<div>\n<div class=\"p pav\">\n<div class=\"w\">\n<div class=\"t\"><img decoding=\"async\" class=\"i\" src=\"http:\/\/www.sym.com.vn\/images\/products\/specs\/15_1459658586.jpg\" \/><\/p>\n<div class=\"c\">\n<p>N\u00fat m\u1edf y\u00ean ti\u1ec7n l\u1ee3i<\/p>\n<\/div>\n<\/div>\n<\/div>\n<div class=\"c\"><\/div>\n<\/div>\n<\/div>\n<div>\n<div class=\"p\">\n<div class=\"w\">\n<div class=\"t\"><img decoding=\"async\" class=\"i\" src=\"http:\/\/www.sym.com.vn\/images\/products\/specs\/15_1459658636.jpg\" \/><\/p>\n<div class=\"c\">\n<p>Smart idle<\/p>\n<\/div>\n<\/div>\n<\/div>\n<div class=\"c\"><\/div>\n<\/div>\n<\/div>\n<div>\n<div class=\"p\">\n<div class=\"w\">\n<div class=\"t\"><img decoding=\"async\" class=\"i\" src=\"http:\/\/www.sym.com.vn\/images\/products\/specs\/15_1459658653.jpg\" \/><\/p>\n<div class=\"c\">\n<p>Ng\u0103n ch\u1ee9a \u0111\u1ed3 si\u00eau l\u1edbn<\/p>\n<\/div>\n<\/div>\n<\/div>\n<div class=\"c\"><\/div>\n<\/div>\n<\/div>\n<div>\n<div class=\"p\">\n<div class=\"w\">\n<div class=\"t\"><img decoding=\"async\" class=\"i\" src=\"http:\/\/www.sym.com.vn\/images\/products\/specs\/15_1459658794.jpg\" \/><\/p>\n<div class=\"c\">\n<p>G\u1ea7m xe cao<\/p>\n<\/div>\n<\/div>\n<\/div>\n<div class=\"c\"><\/div>\n<\/div>\n<\/div>\n<div>\n<div class=\"p\">\n<div class=\"w\">\n<div class=\"t\"><img decoding=\"async\" class=\"i\" src=\"http:\/\/www.sym.com.vn\/images\/products\/specs\/15_1459658695.jpg\" \/><\/p>\n<div class=\"c\">\n<p>M\u1eb7t n\u1ea1 xe \u1ea5n t\u01b0\u1ee3ng<\/p>\n<\/div>\n<\/div>\n<\/div>\n<div class=\"c\"><\/div>\n<\/div>\n<div><\/div>\n<\/div>\n<div>\n<div class=\"p\">\n<div class=\"w\">\n<div class=\"t\"><img decoding=\"async\" class=\"i\" src=\"http:\/\/www.sym.com.vn\/images\/products\/specs\/15_1459658763.jpg\" \/><\/p>\n<div class=\"c\">\n<p>Ch\u1ed7 \u0111\u1ed5 x\u0103ng ti\u1ec7n l\u1ee3i<\/p>\n<\/div>\n<\/div>\n<\/div>\n<div class=\"c\"><\/div>\n<\/div>\n<\/div>\n<div>\n<div class=\"p\">\n<div class=\"w\">\n<div class=\"t\"><img decoding=\"async\" class=\"i\" src=\"http:\/\/www.sym.com.vn\/images\/products\/specs\/15_1459658787.jpg\" \/><\/p>\n<div class=\"c\">\n<p>B\u00e1nh xe l\u1edbn<\/p>\n<\/div>\n<\/div>\n<\/div>\n<div class=\"c\"><\/div>\n<\/div>\n<\/div>\n<\/div>\n<\/div>\n<\/div>\n<\/div>\n<\/div>\n<\/div>\n<\/div>\n<\/div>\n<\/div>\n<div class=\"fleft w100per box-detail-products\">\n<div id=\"tskt\" class=\"pos-link-scroll\" style=\"text-align: center;\"><\/div>\n<div class=\"head\">\n<div class=\"title\" style=\"text-align: center;\"><\/div>\n<\/div>\n<\/div>\n","protected":false},"excerpt":{"rendered":"<p>Shark mini 125 EFI \u0111\u01b0\u1ee3c b\u1ea3o h\u00e0nh 2 n\u0103m ho\u1eb7c 30.000Km t\u00f9y theo \u0111i\u1ec1u ki\u1ec7n n\u00e0o t\u1edbi tr\u01b0\u1edbc.<\/p>\n","protected":false},"featured_media":718,"template":"","meta":[],"class_list":{"0":"post-717","1":"product","2":"type-product","3":"status-publish","4":"has-post-thumbnail","6":"product_cat-xe-may-sym","8":"first","9":"instock","10":"shipping-taxable","11":"product-type-simple"},"yoast_head":"<!-- This site is optimized with the Yoast SEO plugin v19.10 - https:\/\/yoast.com\/wordpress\/plugins\/seo\/ -->\n<title>Shark mini 125 EFI -<\/title>\n<meta name=\"robots\" content=\"index, follow, max-snippet:-1, max-image-preview:large, max-video-preview:-1\" \/>\n<link rel=\"canonical\" href=\"https:\/\/duyhungmotor.com\/?product=shark-mini-125-efi\" \/>\n<meta property=\"og:locale\" content=\"vi_VN\" \/>\n<meta property=\"og:type\" content=\"article\" \/>\n<meta property=\"og:title\" content=\"Shark mini 125 EFI -\" \/>\n<meta property=\"og:description\" content=\"Shark mini 125 EFI \u0111\u01b0\u1ee3c b\u1ea3o h\u00e0nh 2 n\u0103m ho\u1eb7c 30.000Km t\u00f9y theo \u0111i\u1ec1u ki\u1ec7n n\u00e0o t\u1edbi tr\u01b0\u1edbc.\" \/>\n<meta property=\"og:url\" content=\"https:\/\/duyhungmotor.com\/?product=shark-mini-125-efi\" \/>\n<meta property=\"og:image\" content=\"https:\/\/duyhungmotor.com\/wp-content\/uploads\/2020\/11\/45_1562140460.png\" \/>\n\t<meta property=\"og:image:width\" content=\"200\" \/>\n\t<meta property=\"og:image:height\" content=\"200\" \/>\n\t<meta property=\"og:image:type\" content=\"image\/png\" \/>\n<meta name=\"twitter:card\" content=\"summary_large_image\" \/>\n<meta name=\"twitter:label1\" content=\"\u01af\u1edbc t\u00ednh th\u1eddi gian \u0111\u1ecdc\" \/>\n\t<meta name=\"twitter:data1\" content=\"2 ph\u00fat\" \/>\n<script type=\"application\/ld+json\" class=\"yoast-schema-graph\">{\"@context\":\"https:\/\/schema.org\",\"@graph\":[{\"@type\":\"WebPage\",\"@id\":\"https:\/\/duyhungmotor.com\/?product=shark-mini-125-efi\",\"url\":\"https:\/\/duyhungmotor.com\/?product=shark-mini-125-efi\",\"name\":\"Shark mini 125 EFI -\",\"isPartOf\":{\"@id\":\"https:\/\/duyhungmotor.com\/#website\"},\"datePublished\":\"2020-11-18T03:29:45+00:00\",\"dateModified\":\"2020-11-18T03:29:45+00:00\",\"breadcrumb\":{\"@id\":\"https:\/\/duyhungmotor.com\/?product=shark-mini-125-efi#breadcrumb\"},\"inLanguage\":\"vi\",\"potentialAction\":[{\"@type\":\"ReadAction\",\"target\":[\"https:\/\/duyhungmotor.com\/?product=shark-mini-125-efi\"]}]},{\"@type\":\"BreadcrumbList\",\"@id\":\"https:\/\/duyhungmotor.com\/?product=shark-mini-125-efi#breadcrumb\",\"itemListElement\":[{\"@type\":\"ListItem\",\"position\":1,\"name\":\"Trang ch\u1ee7\",\"item\":\"https:\/\/duyhungmotor.com\/\"},{\"@type\":\"ListItem\",\"position\":2,\"name\":\"Shark mini 125 EFI\"}]},{\"@type\":\"WebSite\",\"@id\":\"https:\/\/duyhungmotor.com\/#website\",\"url\":\"https:\/\/duyhungmotor.com\/\",\"name\":\"\",\"description\":\"\u0110\u1ea1i l\u00fd Xe M\u00e1y - Xe \u0110i\u1ec7n\",\"potentialAction\":[{\"@type\":\"SearchAction\",\"target\":{\"@type\":\"EntryPoint\",\"urlTemplate\":\"https:\/\/duyhungmotor.com\/?s={search_term_string}\"},\"query-input\":\"required name=search_term_string\"}],\"inLanguage\":\"vi\"}]}<\/script>\n<!-- \/ Yoast SEO plugin. -->","yoast_head_json":{"title":"Shark mini 125 EFI -","robots":{"index":"index","follow":"follow","max-snippet":"max-snippet:-1","max-image-preview":"max-image-preview:large","max-video-preview":"max-video-preview:-1"},"canonical":"https:\/\/duyhungmotor.com\/?product=shark-mini-125-efi","og_locale":"vi_VN","og_type":"article","og_title":"Shark mini 125 EFI -","og_description":"Shark mini 125 EFI \u0111\u01b0\u1ee3c b\u1ea3o h\u00e0nh 2 n\u0103m ho\u1eb7c 30.000Km t\u00f9y theo \u0111i\u1ec1u ki\u1ec7n n\u00e0o t\u1edbi tr\u01b0\u1edbc.","og_url":"https:\/\/duyhungmotor.com\/?product=shark-mini-125-efi","og_image":[{"width":200,"height":200,"url":"https:\/\/duyhungmotor.com\/wp-content\/uploads\/2020\/11\/45_1562140460.png","type":"image\/png"}],"twitter_card":"summary_large_image","twitter_misc":{"\u01af\u1edbc t\u00ednh th\u1eddi gian \u0111\u1ecdc":"2 ph\u00fat"},"schema":{"@context":"https:\/\/schema.org","@graph":[{"@type":"WebPage","@id":"https:\/\/duyhungmotor.com\/?product=shark-mini-125-efi","url":"https:\/\/duyhungmotor.com\/?product=shark-mini-125-efi","name":"Shark mini 125 EFI -","isPartOf":{"@id":"https:\/\/duyhungmotor.com\/#website"},"datePublished":"2020-11-18T03:29:45+00:00","dateModified":"2020-11-18T03:29:45+00:00","breadcrumb":{"@id":"https:\/\/duyhungmotor.com\/?product=shark-mini-125-efi#breadcrumb"},"inLanguage":"vi","potentialAction":[{"@type":"ReadAction","target":["https:\/\/duyhungmotor.com\/?product=shark-mini-125-efi"]}]},{"@type":"BreadcrumbList","@id":"https:\/\/duyhungmotor.com\/?product=shark-mini-125-efi#breadcrumb","itemListElement":[{"@type":"ListItem","position":1,"name":"Trang ch\u1ee7","item":"https:\/\/duyhungmotor.com\/"},{"@type":"ListItem","position":2,"name":"Shark mini 125 EFI"}]},{"@type":"WebSite","@id":"https:\/\/duyhungmotor.com\/#website","url":"https:\/\/duyhungmotor.com\/","name":"","description":"\u0110\u1ea1i l\u00fd Xe M\u00e1y - Xe \u0110i\u1ec7n","potentialAction":[{"@type":"SearchAction","target":{"@type":"EntryPoint","urlTemplate":"https:\/\/duyhungmotor.com\/?s={search_term_string}"},"query-input":"required name=search_term_string"}],"inLanguage":"vi"}]}},"_links":{"self":[{"href":"https:\/\/duyhungmotor.com\/index.php?rest_route=\/wp\/v2\/product\/717","targetHints":{"allow":["GET"]}}],"collection":[{"href":"https:\/\/duyhungmotor.com\/index.php?rest_route=\/wp\/v2\/product"}],"about":[{"href":"https:\/\/duyhungmotor.com\/index.php?rest_route=\/wp\/v2\/types\/product"}],"wp:featuredmedia":[{"embeddable":true,"href":"https:\/\/duyhungmotor.com\/index.php?rest_route=\/wp\/v2\/media\/718"}],"wp:attachment":[{"href":"https:\/\/duyhungmotor.com\/index.php?rest_route=%2Fwp%2Fv2%2Fmedia&parent=717"}],"curies":[{"name":"wp","href":"https:\/\/api.w.org\/{rel}","templated":true}]}}