{"id":592,"date":"2020-11-17T19:29:34","date_gmt":"2020-11-17T12:29:34","guid":{"rendered":"http:\/\/duyhungmotor.com\/?post_type=product&#038;p=592"},"modified":"2020-11-17T19:29:34","modified_gmt":"2020-11-17T12:29:34","slug":"wave-alpha-110cc","status":"publish","type":"product","link":"https:\/\/duyhungmotor.com\/?product=wave-alpha-110cc","title":{"rendered":"WAVE ALPHA 110cc"},"content":{"rendered":"<p><img loading=\"lazy\" decoding=\"async\" class=\"size-full wp-image-6138 aligncenter lazyloaded\" src=\"https:\/\/phattien.com\/wp-content\/uploads\/2019\/10\/wave-alpha-dac-tinh-ky-thuat-00-tong-hop-15-05-2020.jpg\" sizes=\"auto, (max-width: 1920px) 100vw, 1920px\" srcset=\"https:\/\/phattien.com\/wp-content\/uploads\/2019\/10\/wave-alpha-dac-tinh-ky-thuat-00-tong-hop-15-05-2020.jpg 1920w, https:\/\/phattien.com\/wp-content\/uploads\/2019\/10\/wave-alpha-dac-tinh-ky-thuat-00-tong-hop-15-05-2020-300x169.jpg 300w, https:\/\/phattien.com\/wp-content\/uploads\/2019\/10\/wave-alpha-dac-tinh-ky-thuat-00-tong-hop-15-05-2020-1024x576.jpg 1024w, https:\/\/phattien.com\/wp-content\/uploads\/2019\/10\/wave-alpha-dac-tinh-ky-thuat-00-tong-hop-15-05-2020-768x432.jpg 768w, https:\/\/phattien.com\/wp-content\/uploads\/2019\/10\/wave-alpha-dac-tinh-ky-thuat-00-tong-hop-15-05-2020-1536x864.jpg 1536w\" alt=\"\" width=\"1920\" height=\"1080\" data-lazy-srcset=\"https:\/\/phattien.com\/wp-content\/uploads\/2019\/10\/wave-alpha-dac-tinh-ky-thuat-00-tong-hop-15-05-2020.jpg 1920w, https:\/\/phattien.com\/wp-content\/uploads\/2019\/10\/wave-alpha-dac-tinh-ky-thuat-00-tong-hop-15-05-2020-300x169.jpg 300w, https:\/\/phattien.com\/wp-content\/uploads\/2019\/10\/wave-alpha-dac-tinh-ky-thuat-00-tong-hop-15-05-2020-1024x576.jpg 1024w, https:\/\/phattien.com\/wp-content\/uploads\/2019\/10\/wave-alpha-dac-tinh-ky-thuat-00-tong-hop-15-05-2020-768x432.jpg 768w, https:\/\/phattien.com\/wp-content\/uploads\/2019\/10\/wave-alpha-dac-tinh-ky-thuat-00-tong-hop-15-05-2020-1536x864.jpg 1536w\" data-lazy-sizes=\"(max-width: 1920px) 100vw, 1920px\" data-lazy-src=\"https:\/\/phattien.com\/wp-content\/uploads\/2019\/10\/wave-alpha-dac-tinh-ky-thuat-00-tong-hop-15-05-2020.jpg\" data-was-processed=\"true\" \/><\/p>\n<p>&nbsp;<\/p>\n<table class=\" alignleft\">\n<tbody>\n<tr>\n<td><img loading=\"lazy\" decoding=\"async\" class=\"alignleft wp-image-6068 lazyloaded\" src=\"https:\/\/phattien.com\/wp-content\/uploads\/2019\/10\/wave-alpha-dac-tinh-ky-thuat-01-mat-dong-ho-de-quan-sat-11-05-2020.png\" alt=\"\" width=\"428\" height=\"256\" data-lazy-src=\"https:\/\/phattien.com\/wp-content\/uploads\/2019\/10\/wave-alpha-dac-tinh-ky-thuat-01-mat-dong-ho-de-quan-sat-11-05-2020.png\" data-was-processed=\"true\" \/><\/td>\n<td><img loading=\"lazy\" decoding=\"async\" class=\"alignleft wp-image-6069 lazyloaded\" src=\"https:\/\/phattien.com\/wp-content\/uploads\/2019\/10\/wave-alpha-dac-tinh-ky-thuat-02-dong-co-110cc-11-05-2020.png\" alt=\"\" width=\"430\" height=\"255\" data-lazy-src=\"https:\/\/phattien.com\/wp-content\/uploads\/2019\/10\/wave-alpha-dac-tinh-ky-thuat-02-dong-co-110cc-11-05-2020.png\" data-was-processed=\"true\" \/><\/td>\n<td><img loading=\"lazy\" decoding=\"async\" class=\"alignleft wp-image-6070 lazyloaded\" src=\"https:\/\/phattien.com\/wp-content\/uploads\/2019\/10\/wave-alpha-dac-tinh-ky-thuat-03-o-khoa-da-nang-3-trong-1-11-05-2020.png\" alt=\"\" width=\"430\" height=\"257\" data-lazy-src=\"https:\/\/phattien.com\/wp-content\/uploads\/2019\/10\/wave-alpha-dac-tinh-ky-thuat-03-o-khoa-da-nang-3-trong-1-11-05-2020.png\" data-was-processed=\"true\" \/><\/td>\n<\/tr>\n<tr>\n<td><strong>M\u1eb7t \u0111\u1ed3ng h\u1ed3 d\u1ec5 quan s\u00e1t<\/strong><\/p>\n<p>C\u00e1c th\u00f4ng s\u1ed1 v\u1eadn h\u00e0nh \u0111\u01b0\u1ee3c hi\u1ec3n th\u1ecb \u0111\u1ea7y \u0111\u1ee7 gi\u00fap ng\u01b0\u1eddi l\u00e1i quan s\u00e1t m\u1ed9t c\u00e1ch d\u1ec5 d\u00e0ng v\u00e0 thu\u1eadn ti\u1ec7n.<\/td>\n<td><strong>\u0110\u1ed9ng c\u01a1 \u2013 C\u00f4ng ngh\u1ec7<\/strong><\/p>\n<p>\u0110\u1ed9ng c\u01a1 110cc s\u1edf h\u1eefu c\u00f4ng su\u1ea5t v\u01b0\u1ee3t tr\u1ed9i h\u01a1n 17% trong khi v\u1eabn ti\u1ebft ki\u1ec7m nhi\u00ean li\u1ec7u h\u01a1n 10% so v\u1edbi phi\u00ean b\u1ea3n tr\u01b0\u1edbc (100cc) (*) \u0111\u1ed3ng th\u1eddi l\u1ea1i ho\u1ea1t \u0111\u1ed9ng y\u00ean t\u0129nh v\u00e0 \u00eam \u00e1i h\u01a1n, gi\u00fap b\u1ea1n tho\u1ea3i m\u00e1i h\u01a1n khi l\u00e1i xe h\u00e0ng ng\u00e0y.<br \/>\n* S\u1ed1 li\u1ec7u nghi\u00ean c\u1ee9u n\u1ed9i b\u1ed9 c\u1ee7a Honda (Theo ch\u1ebf \u0111\u1ed9 th\u1eed nghi\u1ec7m ECE40).<\/td>\n<td><strong>\u1ed4 kh\u00f3a \u0111a n\u0103ng 3 trong 1<\/strong><\/p>\n<p>M\u1eb7t \u0111\u1ed3ng h\u1ed3 th\u00f4ng minh th\u1ec3 hi\u1ec7n \u0111\u1ea7y \u0111\u1ee7 c\u00e1c th\u00f4ng tin c\u1ea7n thi\u1ebft, gi\u00fap ng\u01b0\u1eddi l\u00e1i d\u1ec5 d\u00e0ng quan s\u00e1t v\u00e0 c\u1eadp nh\u1eadt th\u00f4ng tin\u1ed4 kh\u00f3a bao g\u1ed3m kh\u00f3a \u0111i\u1ec7n, kh\u00f3a c\u1ed5 v\u00e0 kh\u00f3a t\u1eeb, d\u1ec5 s\u1eed d\u1ee5ng v\u00e0 ch\u1ed1ng r\u1ec9 s\u00e9t hi\u1ec7u qu\u1ea3.<\/td>\n<\/tr>\n<\/tbody>\n<\/table>\n","protected":false},"excerpt":{"rendered":"<ul>\n<li>Wave Alpha 110cc phi\u00ean b\u1ea3n 2020 tr\u1ebb trung v\u00e0 c\u00e1 t\u00ednh v\u1edbi thi\u1ebft k\u1ebf b\u1ed9 tem m\u1edbi, t\u1ea1o nh\u1eefng \u0111i\u1ec3m nh\u1ea5n \u1ea5n t\u01b0\u1ee3ng, thu h\u00fat \u00e1nh nh\u00ecn, cho b\u1ea1n t\u1ef1 tin ghi l\u1ea1i d\u1ea5u \u1ea5n c\u00f9ng b\u1ea1n b\u00e8 c\u1ee7a m\u00ecnh tr\u00ean m\u1ecdi h\u00e0nh tr\u00ecnh.<\/li>\n<li>Wave Alpha 110cc \u0111\u01b0\u1ee3c trang b\u1ecb \u0111\u1ed9ng c\u01a1 110cc v\u1edbi hi\u1ec7u su\u1ea5t v\u01b0\u1ee3t tr\u1ed9i m\u00e0 v\u1eabn \u0111\u1ea3m b\u1ea3o kh\u1ea3 n\u0103ng ti\u1ebft ki\u1ec7m nhi\u00ean li\u1ec7u m\u1ed9t c\u00e1ch t\u1ed1i \u01b0u.<\/li>\n<li>T\u1ed1i \u01b0u h\u00f3a ti\u1ec7n \u00edch lu\u00f4n l\u00e0 m\u1ed9t trong nh\u1eefng quan t\u00e2m h\u00e0ng \u0111\u1ea7u c\u1ee7a Honda khi ph\u00e1t tri\u1ec3n xe, \u0111\u1ec3 b\u1ea1n tho\u1ea3i m\u00e1i l\u01b0\u1edbt c\u00f9ng Wave Alpha 110cc tr\u00ean m\u1ecdi n\u1ebbo \u0111\u01b0\u1eddng.<\/li>\n<\/ul>\n","protected":false},"featured_media":594,"template":"","meta":[],"class_list":{"0":"post-592","1":"product","2":"type-product","3":"status-publish","4":"has-post-thumbnail","6":"product_cat-xe-may-honda","8":"first","9":"instock","10":"shipping-taxable","11":"product-type-simple"},"yoast_head":"<!-- This site is optimized with the Yoast SEO plugin v19.10 - https:\/\/yoast.com\/wordpress\/plugins\/seo\/ -->\n<title>WAVE ALPHA 110cc -<\/title>\n<meta name=\"robots\" content=\"index, follow, max-snippet:-1, max-image-preview:large, max-video-preview:-1\" \/>\n<link rel=\"canonical\" href=\"https:\/\/duyhungmotor.com\/?product=wave-alpha-110cc\" \/>\n<meta property=\"og:locale\" content=\"vi_VN\" \/>\n<meta property=\"og:type\" content=\"article\" \/>\n<meta property=\"og:title\" content=\"WAVE ALPHA 110cc -\" \/>\n<meta property=\"og:description\" content=\"Wave Alpha 110cc phi\u00ean b\u1ea3n 2020 tr\u1ebb trung v\u00e0 c\u00e1 t\u00ednh v\u1edbi thi\u1ebft k\u1ebf b\u1ed9 tem m\u1edbi, t\u1ea1o nh\u1eefng \u0111i\u1ec3m nh\u1ea5n \u1ea5n t\u01b0\u1ee3ng, thu h\u00fat \u00e1nh nh\u00ecn, cho b\u1ea1n t\u1ef1 tin ghi l\u1ea1i d\u1ea5u \u1ea5n c\u00f9ng b\u1ea1n b\u00e8 c\u1ee7a m\u00ecnh tr\u00ean m\u1ecdi h\u00e0nh tr\u00ecnh.  Wave Alpha 110cc \u0111\u01b0\u1ee3c trang b\u1ecb \u0111\u1ed9ng c\u01a1 110cc v\u1edbi hi\u1ec7u su\u1ea5t v\u01b0\u1ee3t tr\u1ed9i m\u00e0 v\u1eabn \u0111\u1ea3m b\u1ea3o kh\u1ea3 n\u0103ng ti\u1ebft ki\u1ec7m nhi\u00ean li\u1ec7u m\u1ed9t c\u00e1ch t\u1ed1i \u01b0u.  T\u1ed1i \u01b0u h\u00f3a ti\u1ec7n \u00edch lu\u00f4n l\u00e0 m\u1ed9t trong nh\u1eefng quan t\u00e2m h\u00e0ng \u0111\u1ea7u c\u1ee7a Honda khi ph\u00e1t tri\u1ec3n xe, \u0111\u1ec3 b\u1ea1n tho\u1ea3i m\u00e1i l\u01b0\u1edbt c\u00f9ng Wave Alpha 110cc tr\u00ean m\u1ecdi n\u1ebbo \u0111\u01b0\u1eddng.\" \/>\n<meta property=\"og:url\" content=\"https:\/\/duyhungmotor.com\/?product=wave-alpha-110cc\" \/>\n<meta property=\"og:image\" content=\"https:\/\/duyhungmotor.com\/wp-content\/uploads\/2020\/11\/Xe-WaveAlpha-Dodenbac.png\" \/>\n\t<meta property=\"og:image:width\" content=\"456\" \/>\n\t<meta property=\"og:image:height\" content=\"330\" \/>\n\t<meta property=\"og:image:type\" content=\"image\/png\" \/>\n<meta name=\"twitter:card\" content=\"summary_large_image\" \/>\n<meta name=\"twitter:label1\" content=\"\u01af\u1edbc t\u00ednh th\u1eddi gian \u0111\u1ecdc\" \/>\n\t<meta name=\"twitter:data1\" content=\"1 ph\u00fat\" \/>\n<script type=\"application\/ld+json\" class=\"yoast-schema-graph\">{\"@context\":\"https:\/\/schema.org\",\"@graph\":[{\"@type\":\"WebPage\",\"@id\":\"https:\/\/duyhungmotor.com\/?product=wave-alpha-110cc\",\"url\":\"https:\/\/duyhungmotor.com\/?product=wave-alpha-110cc\",\"name\":\"WAVE ALPHA 110cc -\",\"isPartOf\":{\"@id\":\"https:\/\/duyhungmotor.com\/#website\"},\"datePublished\":\"2020-11-17T12:29:34+00:00\",\"dateModified\":\"2020-11-17T12:29:34+00:00\",\"breadcrumb\":{\"@id\":\"https:\/\/duyhungmotor.com\/?product=wave-alpha-110cc#breadcrumb\"},\"inLanguage\":\"vi\",\"potentialAction\":[{\"@type\":\"ReadAction\",\"target\":[\"https:\/\/duyhungmotor.com\/?product=wave-alpha-110cc\"]}]},{\"@type\":\"BreadcrumbList\",\"@id\":\"https:\/\/duyhungmotor.com\/?product=wave-alpha-110cc#breadcrumb\",\"itemListElement\":[{\"@type\":\"ListItem\",\"position\":1,\"name\":\"Trang ch\u1ee7\",\"item\":\"https:\/\/duyhungmotor.com\/\"},{\"@type\":\"ListItem\",\"position\":2,\"name\":\"WAVE ALPHA 110cc\"}]},{\"@type\":\"WebSite\",\"@id\":\"https:\/\/duyhungmotor.com\/#website\",\"url\":\"https:\/\/duyhungmotor.com\/\",\"name\":\"\",\"description\":\"\u0110\u1ea1i l\u00fd Xe M\u00e1y - Xe \u0110i\u1ec7n\",\"potentialAction\":[{\"@type\":\"SearchAction\",\"target\":{\"@type\":\"EntryPoint\",\"urlTemplate\":\"https:\/\/duyhungmotor.com\/?s={search_term_string}\"},\"query-input\":\"required name=search_term_string\"}],\"inLanguage\":\"vi\"}]}<\/script>\n<!-- \/ Yoast SEO plugin. -->","yoast_head_json":{"title":"WAVE ALPHA 110cc -","robots":{"index":"index","follow":"follow","max-snippet":"max-snippet:-1","max-image-preview":"max-image-preview:large","max-video-preview":"max-video-preview:-1"},"canonical":"https:\/\/duyhungmotor.com\/?product=wave-alpha-110cc","og_locale":"vi_VN","og_type":"article","og_title":"WAVE ALPHA 110cc -","og_description":"Wave Alpha 110cc phi\u00ean b\u1ea3n 2020 tr\u1ebb trung v\u00e0 c\u00e1 t\u00ednh v\u1edbi thi\u1ebft k\u1ebf b\u1ed9 tem m\u1edbi, t\u1ea1o nh\u1eefng \u0111i\u1ec3m nh\u1ea5n \u1ea5n t\u01b0\u1ee3ng, thu h\u00fat \u00e1nh nh\u00ecn, cho b\u1ea1n t\u1ef1 tin ghi l\u1ea1i d\u1ea5u \u1ea5n c\u00f9ng b\u1ea1n b\u00e8 c\u1ee7a m\u00ecnh tr\u00ean m\u1ecdi h\u00e0nh tr\u00ecnh.  Wave Alpha 110cc \u0111\u01b0\u1ee3c trang b\u1ecb \u0111\u1ed9ng c\u01a1 110cc v\u1edbi hi\u1ec7u su\u1ea5t v\u01b0\u1ee3t tr\u1ed9i m\u00e0 v\u1eabn \u0111\u1ea3m b\u1ea3o kh\u1ea3 n\u0103ng ti\u1ebft ki\u1ec7m nhi\u00ean li\u1ec7u m\u1ed9t c\u00e1ch t\u1ed1i \u01b0u.  T\u1ed1i \u01b0u h\u00f3a ti\u1ec7n \u00edch lu\u00f4n l\u00e0 m\u1ed9t trong nh\u1eefng quan t\u00e2m h\u00e0ng \u0111\u1ea7u c\u1ee7a Honda khi ph\u00e1t tri\u1ec3n xe, \u0111\u1ec3 b\u1ea1n tho\u1ea3i m\u00e1i l\u01b0\u1edbt c\u00f9ng Wave Alpha 110cc tr\u00ean m\u1ecdi n\u1ebbo \u0111\u01b0\u1eddng.","og_url":"https:\/\/duyhungmotor.com\/?product=wave-alpha-110cc","og_image":[{"width":456,"height":330,"url":"https:\/\/duyhungmotor.com\/wp-content\/uploads\/2020\/11\/Xe-WaveAlpha-Dodenbac.png","type":"image\/png"}],"twitter_card":"summary_large_image","twitter_misc":{"\u01af\u1edbc t\u00ednh th\u1eddi gian \u0111\u1ecdc":"1 ph\u00fat"},"schema":{"@context":"https:\/\/schema.org","@graph":[{"@type":"WebPage","@id":"https:\/\/duyhungmotor.com\/?product=wave-alpha-110cc","url":"https:\/\/duyhungmotor.com\/?product=wave-alpha-110cc","name":"WAVE ALPHA 110cc -","isPartOf":{"@id":"https:\/\/duyhungmotor.com\/#website"},"datePublished":"2020-11-17T12:29:34+00:00","dateModified":"2020-11-17T12:29:34+00:00","breadcrumb":{"@id":"https:\/\/duyhungmotor.com\/?product=wave-alpha-110cc#breadcrumb"},"inLanguage":"vi","potentialAction":[{"@type":"ReadAction","target":["https:\/\/duyhungmotor.com\/?product=wave-alpha-110cc"]}]},{"@type":"BreadcrumbList","@id":"https:\/\/duyhungmotor.com\/?product=wave-alpha-110cc#breadcrumb","itemListElement":[{"@type":"ListItem","position":1,"name":"Trang ch\u1ee7","item":"https:\/\/duyhungmotor.com\/"},{"@type":"ListItem","position":2,"name":"WAVE ALPHA 110cc"}]},{"@type":"WebSite","@id":"https:\/\/duyhungmotor.com\/#website","url":"https:\/\/duyhungmotor.com\/","name":"","description":"\u0110\u1ea1i l\u00fd Xe M\u00e1y - Xe \u0110i\u1ec7n","potentialAction":[{"@type":"SearchAction","target":{"@type":"EntryPoint","urlTemplate":"https:\/\/duyhungmotor.com\/?s={search_term_string}"},"query-input":"required name=search_term_string"}],"inLanguage":"vi"}]}},"_links":{"self":[{"href":"https:\/\/duyhungmotor.com\/index.php?rest_route=\/wp\/v2\/product\/592","targetHints":{"allow":["GET"]}}],"collection":[{"href":"https:\/\/duyhungmotor.com\/index.php?rest_route=\/wp\/v2\/product"}],"about":[{"href":"https:\/\/duyhungmotor.com\/index.php?rest_route=\/wp\/v2\/types\/product"}],"wp:featuredmedia":[{"embeddable":true,"href":"https:\/\/duyhungmotor.com\/index.php?rest_route=\/wp\/v2\/media\/594"}],"wp:attachment":[{"href":"https:\/\/duyhungmotor.com\/index.php?rest_route=%2Fwp%2Fv2%2Fmedia&parent=592"}],"curies":[{"name":"wp","href":"https:\/\/api.w.org\/{rel}","templated":true}]}}