{"id":485,"date":"2020-11-11T15:17:32","date_gmt":"2020-11-11T08:17:32","guid":{"rendered":"http:\/\/duyhungmotor.com\/?post_type=product&#038;p=485"},"modified":"2020-11-27T00:28:10","modified_gmt":"2020-11-26T17:28:10","slug":"anbico-xmenx","status":"publish","type":"product","link":"https:\/\/duyhungmotor.com\/?product=anbico-xmenx","title":{"rendered":"ANBICO XMENX"},"content":{"rendered":"<h2><strong>Thi\u1ebft k\u1ebf s\u1eafc s\u1ea3o<\/strong><\/h2>\n<p><img loading=\"lazy\" decoding=\"async\" class=\"aligncenter wp-image-7784 size-large lazy-load-active\" src=\"https:\/\/anbico.vn\/wp-content\/uploads\/2019\/08\/251736b0bd3d44631d2c-1024x683.jpg\" sizes=\"auto, (max-width: 1020px) 100vw, 1020px\" srcset=\"https:\/\/anbico.vn\/wp-content\/uploads\/2019\/08\/251736b0bd3d44631d2c-1024x683.jpg 1024w, https:\/\/anbico.vn\/wp-content\/uploads\/2019\/08\/251736b0bd3d44631d2c-420x280.jpg 420w, https:\/\/anbico.vn\/wp-content\/uploads\/2019\/08\/251736b0bd3d44631d2c-300x200.jpg 300w, https:\/\/anbico.vn\/wp-content\/uploads\/2019\/08\/251736b0bd3d44631d2c-768x512.jpg 768w, https:\/\/anbico.vn\/wp-content\/uploads\/2019\/08\/251736b0bd3d44631d2c-800x533.jpg 800w, https:\/\/anbico.vn\/wp-content\/uploads\/2019\/08\/251736b0bd3d44631d2c.jpg 1530w\" alt=\"\" width=\"1020\" height=\"680\" data-src=\"https:\/\/anbico.vn\/wp-content\/uploads\/2019\/08\/251736b0bd3d44631d2c-1024x683.jpg\" data-srcset=\"https:\/\/anbico.vn\/wp-content\/uploads\/2019\/08\/251736b0bd3d44631d2c-1024x683.jpg 1024w, https:\/\/anbico.vn\/wp-content\/uploads\/2019\/08\/251736b0bd3d44631d2c-420x280.jpg 420w, https:\/\/anbico.vn\/wp-content\/uploads\/2019\/08\/251736b0bd3d44631d2c-300x200.jpg 300w, https:\/\/anbico.vn\/wp-content\/uploads\/2019\/08\/251736b0bd3d44631d2c-768x512.jpg 768w, https:\/\/anbico.vn\/wp-content\/uploads\/2019\/08\/251736b0bd3d44631d2c-800x533.jpg 800w, https:\/\/anbico.vn\/wp-content\/uploads\/2019\/08\/251736b0bd3d44631d2c.jpg 1530w\" \/><\/p>\n<ul>\n<li>C\u00f9ng v\u1edbi xe XmenX, b\u1ea1n c\u00f2n \u0111\u1ee3i g\u00ec m\u00e0 kh\u00f4ng ki\u00eau h\u00e3nh l\u01b0\u1edbt ph\u1ed1. K\u1ebf th\u1eeba ki\u1ec3u d\u00e1ng m\u1ea1nh m\u1ebd, c\u00e1 t\u00ednh c\u1ee7a c\u00e1c \u0111\u1eddi xe tr\u01b0\u1edbc, xe XmenX c\u00f3 di\u1ec7n m\u1ea1o \u0111\u01b0\u1ee3c trau chu\u1ed1t ho\u00e0n h\u1ea3o.<\/li>\n<li>\u0110\u1ea7u xe v\u1edbi c\u00e1c n\u00fat \u0111i\u1ec1u khi\u1ec3n s\u1eafp x\u1ebfp h\u1ee3p l\u00fd, c\u1ee7 d\u1ea7u phanh \u0111\u0129a tr\u01b0\u1edbc an to\u00e0n, thi\u1ebft k\u1ebf \u0111\u1eb9p m\u1eaft gi\u00fap ng\u01b0\u1eddi \u0111i\u1ec1u khi\u1ec3n thu\u1eadn l\u1ee3i v\u00e0 ch\u1ee7 \u0111\u1ed9ng khi \u0111i xe.<\/li>\n<li>M\u1eb7t \u0111\u1ed3ng h\u1ed3 xe \u0111i\u1ec7n XmenX Anbico hi\u1ec3n th\u1ecb \u0111\u1ea7y \u0111\u1ee7 c\u00e1c th\u00f4ng s\u1ed1 v\u1eadn h\u00e0nh c\u1ee7a xe: \u0110i\u1ec7n n\u0103ng, xinhan, v\u1eadn t\u1ed1c\u2026 Gi\u00fap ng\u01b0\u1eddi \u0111i\u1ec1u khi\u1ec3n d\u1ec5 d\u00e0ng quan s\u00e1t v\u00e0 ch\u1ee7 \u0111\u1ed9ng h\u01a1n khi \u0111i. Ch\u00eca kh\u00f3a \u0111i\u1ec7n t\u1eed t\u00edch h\u1ee3p nhi\u1ec1u t\u00ednh n\u0103ng v\u1eadn h\u00e0nh t\u1ed1t h\u01a1n, an to\u00e0n h\u01a1n.<\/li>\n<li>V\u1edbi b\u1ec1 m\u1eb7t nh\u00e1m ch\u1ed1ng tr\u01a1n tr\u01b0\u1ee3t c\u00f9ng thi\u1ebft k\u1ebf r\u1ed9ng r\u00e3i, s\u00e0n \u0111\u1ec3 ch\u00e2n xe \u0111i\u1ec7n Xmen Sport Anbico v\u00e0o m\u00f9a m\u01b0a c\u00f2n c\u00f3 ch\u1ee9c n\u0103ng ch\u1ed1ng b\u1eafn b\u1ea9n r\u1ea5t t\u1ed1t. S\u00e0n xe c\u00f2n c\u00f3 th\u1ec3 ch\u1edf \u0111\u01b0\u1ee3c th\u00fa c\u01b0ng ho\u1eb7c ch\u1edf \u0111\u01b0\u1ee3c \u0111\u1ed3 d\u00f9ng c\u00e1 nh\u00e2n.<\/li>\n<\/ul>\n<h2><strong>T\u00ednh n\u0103ng hi\u1ec7n \u0111\u1ea1i<\/strong><\/h2>\n<p><img loading=\"lazy\" decoding=\"async\" class=\"aligncenter wp-image-7785 size-large lazy-load-active\" src=\"https:\/\/anbico.vn\/wp-content\/uploads\/2019\/08\/63316e96e51b1c45450a-1024x683.jpg\" sizes=\"auto, (max-width: 1020px) 100vw, 1020px\" srcset=\"https:\/\/anbico.vn\/wp-content\/uploads\/2019\/08\/63316e96e51b1c45450a-1024x683.jpg 1024w, https:\/\/anbico.vn\/wp-content\/uploads\/2019\/08\/63316e96e51b1c45450a-420x280.jpg 420w, https:\/\/anbico.vn\/wp-content\/uploads\/2019\/08\/63316e96e51b1c45450a-300x200.jpg 300w, https:\/\/anbico.vn\/wp-content\/uploads\/2019\/08\/63316e96e51b1c45450a-768x512.jpg 768w, https:\/\/anbico.vn\/wp-content\/uploads\/2019\/08\/63316e96e51b1c45450a-800x533.jpg 800w, https:\/\/anbico.vn\/wp-content\/uploads\/2019\/08\/63316e96e51b1c45450a.jpg 1530w\" alt=\"\" width=\"1020\" height=\"680\" data-src=\"https:\/\/anbico.vn\/wp-content\/uploads\/2019\/08\/63316e96e51b1c45450a-1024x683.jpg\" data-srcset=\"https:\/\/anbico.vn\/wp-content\/uploads\/2019\/08\/63316e96e51b1c45450a-1024x683.jpg 1024w, https:\/\/anbico.vn\/wp-content\/uploads\/2019\/08\/63316e96e51b1c45450a-420x280.jpg 420w, https:\/\/anbico.vn\/wp-content\/uploads\/2019\/08\/63316e96e51b1c45450a-300x200.jpg 300w, https:\/\/anbico.vn\/wp-content\/uploads\/2019\/08\/63316e96e51b1c45450a-768x512.jpg 768w, https:\/\/anbico.vn\/wp-content\/uploads\/2019\/08\/63316e96e51b1c45450a-800x533.jpg 800w, https:\/\/anbico.vn\/wp-content\/uploads\/2019\/08\/63316e96e51b1c45450a.jpg 1530w\" \/><\/p>\n<ul>\n<li>B\u00e1nh tr\u01b0\u1edbc v\u1edbi phanh \u0111\u0129a an to\u00e0n: B\u00e1nh tr\u01b0\u1edbc trang b\u1ecb phanh \u0111\u0129a v\u1eeba an to\u00e0n l\u1ea1i v\u1eeba t\u1ea1o s\u1ef1 th\u1ea9m m\u1ef9. K\u1ebft h\u1ee3p song song thi\u1ebft k\u1ebf hai b\u00e1nh xe l\u1edbn l\u1ed1p kh\u00f4ng s\u0103m \u0111\u1eb7c bi\u1ec7t an to\u00e0n khi \u0111i\u1ec1u khi\u1ec3n nh\u1ea5t l\u00e0 khi b\u1ea1n phanh g\u1ea5p hay \u0111i \u0111o\u1ea1n \u0111\u01b0\u1eddng d\u1ec5 tr\u01a1n tr\u01b0\u1ee3t.<\/li>\n<li>\u0110\u1ed9ng c\u01a1 c\u1ea3i ti\u1ebfn hi\u1ec7n \u0111\u1ea1i, c\u00f4ng su\u1ea5t l\u1edbn: C\u00f4ng su\u1ea5t 1000W k\u1ebft h\u1ee3p v\u1edbi 5 b\u00ecnh Acquy 20A cho s\u1ef1 v\u1eadn h\u00e0nh \u1ed5n \u0111\u1ecbnh v\u00e0 m\u1ea1nh m\u1ebd tr\u00ean m\u1ecdi n\u1ebbo \u0111\u01b0\u1eddng. Xe \u0111i \u0111\u01b0\u1ee3c qu\u00e3ng \u0111\u01b0\u1eddng 80km cho m\u1ed9t l\u1ea7n s\u1ea1c \u0111i\u1ec7n \u0111\u1ea7y b\u00ecnh. V\u1edbi c\u01a1 ch\u1ebf v\u1eadn h\u00e0nh t\u1ef1 \u0111\u1ed9ng, b\u1ed9 s\u1ea1c \u0111i\u1ec7n c\u1ee7a xe \u0111i\u1ec7n XmenX s\u1ebd t\u1ef1 \u0111\u1ed9ng ng\u1eaft \u0111i\u1ec7n ngay sau khi s\u1ea1c \u0111\u1ea7y, ti\u1ec7n d\u1ee5ng cho ng\u01b0\u1eddi d\u00f9ng.<\/li>\n<li>To\u00e0n b\u1ed9 ph\u1ea7n khung xe \u0111\u01b0\u1ee3c ch\u1ebf t\u1ea1o b\u1eb1ng th\u00e9p ch\u1ed1ng g\u1ec9 c\u00f3 kh\u1ea3 n\u0103ng ch\u1ecbu l\u1ef1c cao gi\u00fap Xmen Sport c\u00f3 th\u1ec3 ch\u1ecbu \u0111\u01b0\u1ee3c m\u1ee9c t\u1ea3i tr\u1ecdng l\u00ean \u0111\u1ebfn 180kg. Kh\u00f4ng ch\u1ec9 th\u1ebf, to\u00e0n b\u1ed9 ph\u1ea7n v\u1ecf xe c\u0169ng \u0111\u01b0\u1ee3c ch\u1ebf t\u1ea1o b\u1eb1ng nh\u1ef1a cao c\u1ea5p ABS c\u00f3 kh\u1ea3 n\u0103ng ch\u1ecbu l\u1ef1c cao k\u1ebft h\u1ee3p v\u1edbi l\u1edbp s\u01a1n t\u0129nh \u0111i\u1ec7n cho \u0111\u1ed9 ch\u1ed1ng x\u01b0\u1edbc cao v\u00e0 b\u1ec1n m\u00e0u.<\/li>\n<li>\u0110\u1eb7c bi\u1ec7t phi\u00ean b\u1ea3n m\u1edbi nh\u1ea5t c\u00f2n s\u1eed d\u1ee5ng \u0111\u00e8n c\u1ea7u th\u1ebf h\u1ec7 m\u1edbi nh\u1ea5t gi\u00fap \u0111i ban \u0111\u00eam c\u1ef1c k\u1ef3 an to\u00e0n, ngo\u00e0i ra \u0111\u00e8n nh\u00e1y v\u01b0\u1ee3t 7 ch\u1ebf \u0111\u1ed9 m\u00e0u s\u1eafc \u2013 T\u00f4n v\u1ebb \u0111\u1eb3ng c\u1ea5p c\u1ee7a gi\u1edbi tr\u1ebb<\/li>\n<\/ul>\n<p><img loading=\"lazy\" decoding=\"async\" class=\"alignnone wp-image-8611 size-full lazy-load-active\" src=\"https:\/\/anbico.vn\/wp-content\/uploads\/2019\/08\/z2026417354855_7c1d8605df6f2215d1ee851435a000d7.jpg\" sizes=\"auto, (max-width: 900px) 100vw, 900px\" srcset=\"https:\/\/anbico.vn\/wp-content\/uploads\/2019\/08\/z2026417354855_7c1d8605df6f2215d1ee851435a000d7.jpg 900w, https:\/\/anbico.vn\/wp-content\/uploads\/2019\/08\/z2026417354855_7c1d8605df6f2215d1ee851435a000d7-420x280.jpg 420w, https:\/\/anbico.vn\/wp-content\/uploads\/2019\/08\/z2026417354855_7c1d8605df6f2215d1ee851435a000d7-300x200.jpg 300w, https:\/\/anbico.vn\/wp-content\/uploads\/2019\/08\/z2026417354855_7c1d8605df6f2215d1ee851435a000d7-768x512.jpg 768w, https:\/\/anbico.vn\/wp-content\/uploads\/2019\/08\/z2026417354855_7c1d8605df6f2215d1ee851435a000d7-800x533.jpg 800w\" alt=\"\" width=\"900\" height=\"600\" data-src=\"https:\/\/anbico.vn\/wp-content\/uploads\/2019\/08\/z2026417354855_7c1d8605df6f2215d1ee851435a000d7.jpg\" data-srcset=\"https:\/\/anbico.vn\/wp-content\/uploads\/2019\/08\/z2026417354855_7c1d8605df6f2215d1ee851435a000d7.jpg 900w, https:\/\/anbico.vn\/wp-content\/uploads\/2019\/08\/z2026417354855_7c1d8605df6f2215d1ee851435a000d7-420x280.jpg 420w, https:\/\/anbico.vn\/wp-content\/uploads\/2019\/08\/z2026417354855_7c1d8605df6f2215d1ee851435a000d7-300x200.jpg 300w, https:\/\/anbico.vn\/wp-content\/uploads\/2019\/08\/z2026417354855_7c1d8605df6f2215d1ee851435a000d7-768x512.jpg 768w, https:\/\/anbico.vn\/wp-content\/uploads\/2019\/08\/z2026417354855_7c1d8605df6f2215d1ee851435a000d7-800x533.jpg 800w\" \/><\/p>\n<h2><strong>TH\u00d4NG S\u1ed0 K\u1ef8 THU\u1eacT CHI TI\u1ebeT<\/strong><\/h2>\n<div class=\"product-table\">\n<table>\n<tbody>\n<tr>\n<td colspan=\"2\" width=\"571\"><strong>C\u1ea2 XE <\/strong><\/td>\n<\/tr>\n<tr>\n<td width=\"284\">Tr\u1ecdng l\u01b0\u1ee3ng b\u1ea3n th\u00e2n<\/td>\n<td width=\"287\">+\/- 95 kg<\/td>\n<\/tr>\n<tr>\n<td width=\"284\">K\u00edch th\u01b0\u1edbc d\u00e0i x r\u1ed9ng x cao<\/td>\n<td width=\"287\">1800mm x 700mm x 1080mm<\/td>\n<\/tr>\n<tr>\n<td width=\"284\">\u0110\u1ed9 cao y\u00ean<\/td>\n<td width=\"287\">770 mm<\/td>\n<\/tr>\n<tr>\n<td width=\"284\">T\u1ed1c \u0111\u1ed9 t\u1ed1i \u0111a<\/td>\n<td width=\"287\">45 km\/h<\/td>\n<\/tr>\n<tr>\n<td width=\"284\">Qu\u00e3ng \u0111\u01b0\u1eddng \u0111i v\u1edbi 1 l\u1ea7n s\u1ea1c<\/td>\n<td width=\"287\">60 \u2013 80 km (tr\u1ea1ng th\u00e1i b\u00ecnh th\u01b0\u1eddng)<\/td>\n<\/tr>\n<tr>\n<td width=\"284\">Kho\u1ea3ng c\u00e1ch tr\u1ee5c b\u00e1nh<\/td>\n<td width=\"287\">1300 mm<\/td>\n<\/tr>\n<tr>\n<td width=\"284\">Kho\u1ea3ng c\u00e1ch g\u1ea7m xe<\/td>\n<td width=\"287\">140 mm<\/td>\n<\/tr>\n<tr>\n<td colspan=\"2\" width=\"571\"><strong>\u0110\u1ed8NG C\u01a0<\/strong><\/td>\n<\/tr>\n<tr>\n<td width=\"284\">C\u00f4ng su\u1ea5t l\u1edbn nh\u1ea5t<\/td>\n<td width=\"287\">1000 W<\/td>\n<\/tr>\n<tr>\n<td width=\"284\">T\u1ed1c \u0111\u1ed9 v\u00f2ng quay \u0111\u1ecbnh m\u1ee9c<\/td>\n<td width=\"287\">493 r\/min<\/td>\n<\/tr>\n<tr>\n<td width=\"284\">\u0110i\u1ec7n \u00e1p ho\u1ea1t \u0111\u1ed9ng<\/td>\n<td width=\"287\">60V<\/td>\n<\/tr>\n<tr>\n<td width=\"284\">M\u00f4 men quay d\u1eabn ra \u0111\u1ecbnh m\u1ee9c<\/td>\n<td width=\"287\">15.5 Nm<\/td>\n<\/tr>\n<tr>\n<td width=\"284\">L\u01b0\u1ee3ng \u0111i\u1ec7n ti\u00eau hao cho 100km<\/td>\n<td width=\"287\">\u22641,2 kw<\/td>\n<\/tr>\n<tr>\n<td width=\"284\">Hi\u1ec7u su\u1ea5t<\/td>\n<td width=\"287\">&gt;80%<\/td>\n<\/tr>\n<tr>\n<td colspan=\"2\" width=\"571\"><strong>\u1eaeC QUY<\/strong><\/td>\n<\/tr>\n<tr>\n<td width=\"284\">\u0110i\u1ec7n \u00e1p<\/td>\n<td width=\"287\">60V<\/td>\n<\/tr>\n<tr>\n<td width=\"284\">Dung l\u01b0\u1ee3ng<\/td>\n<td width=\"287\">20Ah<\/td>\n<\/tr>\n<tr>\n<td width=\"284\">L\u01b0\u1ee3ng \u0111i\u1ec7n ti\u00eau hao t\u1ed1i \u0111a cho 01 l\u1ea7n s\u1ea1c<\/td>\n<td width=\"287\">\u2264 0.5 kw<\/td>\n<\/tr>\n<tr>\n<td width=\"284\">B\u1ed9 \u0111i\u1ec1u khi\u1ec3n b\u1ea3o v\u1ec7 s\u1ee5t \u00e1p \u1eafc quy<\/td>\n<td width=\"287\">42.5V\u00b10.5V<\/td>\n<\/tr>\n<tr>\n<td colspan=\"2\" width=\"571\"><strong>B\u1ed8 \u0110I\u1ec0U KHI\u1ec2N<\/strong><\/td>\n<\/tr>\n<tr>\n<td width=\"284\">\u0110i\u1ec7n \u00e1p<\/td>\n<td width=\"287\">60V<\/td>\n<\/tr>\n<tr>\n<td width=\"284\">B\u1ea3o v\u1ec7 \u0111i\u1ec7n \u00e1p th\u1ea5p<\/td>\n<td width=\"287\">42 \u00b1 0.5V<\/td>\n<\/tr>\n<tr>\n<td width=\"284\">B\u1ea3o v\u1ec7 qu\u00e1 d\u00f2ng<\/td>\n<td width=\"287\">22 \u00b1 0.1A<\/td>\n<\/tr>\n<\/tbody>\n<\/table>\n<\/div>\n","protected":false},"excerpt":{"rendered":"<ul>\n<li>\n<ul>\n<li>B\u1ea3o h\u00e0nh \u0111\u1ed9ng c\u01a1 \u0111i\u1ec7n: 1 n\u0103m.<\/li>\n<li>B\u1ea3o h\u00e0nh b\u1ed9 \u0111i\u1ec1u khi\u1ec3n: 1 n\u0103m.<\/li>\n<li>B\u1ea3o h\u00e0nh \u1eafc quy: thay th\u1ebf trong v\u00f2ng 6 th\u00e1ng \u2013 s\u1eeda ch\u1eefa trong v\u00f2ng 1 n\u0103m.<\/li>\n<li>B\u1ea3o h\u00e0nh gi\u1ea3m s\u00f3c: gi\u1ea3m s\u00f3c tr\u01b0\u1edbc 6 th\u00e1ng \u2013 gi\u1ea3m s\u00f3c sau 2 n\u0103m<\/li>\n<li>B\u1ea3o h\u00e0nh khung xe, tay l\u00e1i: trong v\u00f2ng 1 n\u0103m<\/li>\n<\/ul>\n<h4><span style=\"color: #ff0000;\"><strong>Khuy\u1ebfn m\u1ea1i:<\/strong><\/span><\/h4>\n<ul>\n<li>Giao h\u00e0ng mi\u1ec5n ph\u00ed trong 30km.<\/li>\n<li>M\u0169 b\u1ea3o hi\u1ec3m \u0111\u1ea1t chu\u1ea9n.<\/li>\n<li>\u00c1o m\u01b0a \u0111\u1ea1t chu\u1ea9n.<\/li>\n<li>Gi\u1ecf xe.<\/li>\n<\/ul>\n<\/li>\n<\/ul>\n","protected":false},"featured_media":486,"template":"","meta":[],"class_list":{"0":"post-485","1":"product","2":"type-product","3":"status-publish","4":"has-post-thumbnail","6":"product_cat-anbico","8":"first","9":"instock","10":"featured","11":"shipping-taxable","12":"product-type-simple"},"yoast_head":"<!-- This site is optimized with the Yoast SEO plugin v19.10 - https:\/\/yoast.com\/wordpress\/plugins\/seo\/ -->\n<title>ANBICO XMENX -<\/title>\n<meta name=\"robots\" content=\"index, follow, max-snippet:-1, max-image-preview:large, max-video-preview:-1\" \/>\n<link rel=\"canonical\" href=\"https:\/\/duyhungmotor.com\/?product=anbico-xmenx\" \/>\n<meta property=\"og:locale\" content=\"vi_VN\" \/>\n<meta property=\"og:type\" content=\"article\" \/>\n<meta property=\"og:title\" content=\"ANBICO XMENX -\" \/>\n<meta property=\"og:description\" content=\"B\u1ea3o h\u00e0nh \u0111\u1ed9ng c\u01a1 \u0111i\u1ec7n: 1 n\u0103m.  B\u1ea3o h\u00e0nh b\u1ed9 \u0111i\u1ec1u khi\u1ec3n: 1 n\u0103m.  B\u1ea3o h\u00e0nh \u1eafc quy: thay th\u1ebf trong v\u00f2ng 6 th\u00e1ng \u2013 s\u1eeda ch\u1eefa trong v\u00f2ng 1 n\u0103m.  B\u1ea3o h\u00e0nh gi\u1ea3m s\u00f3c: gi\u1ea3m s\u00f3c tr\u01b0\u1edbc 6 th\u00e1ng \u2013 gi\u1ea3m s\u00f3c sau 2 n\u0103m  B\u1ea3o h\u00e0nh khung xe, tay l\u00e1i: trong v\u00f2ng 1 n\u0103m  Khuy\u1ebfn m\u1ea1i:   Giao h\u00e0ng mi\u1ec5n ph\u00ed trong 30km.  M\u0169 b\u1ea3o hi\u1ec3m \u0111\u1ea1t chu\u1ea9n.  \u00c1o m\u01b0a \u0111\u1ea1t chu\u1ea9n.  Gi\u1ecf xe.\" \/>\n<meta property=\"og:url\" content=\"https:\/\/duyhungmotor.com\/?product=anbico-xmenx\" \/>\n<meta property=\"article:modified_time\" content=\"2020-11-26T17:28:10+00:00\" \/>\n<meta property=\"og:image\" content=\"https:\/\/duyhungmotor.com\/wp-content\/uploads\/2020\/11\/xmenx-do.jpg\" \/>\n\t<meta property=\"og:image:width\" content=\"906\" \/>\n\t<meta property=\"og:image:height\" content=\"605\" \/>\n\t<meta property=\"og:image:type\" content=\"image\/jpeg\" \/>\n<meta name=\"twitter:card\" content=\"summary_large_image\" \/>\n<meta name=\"twitter:label1\" content=\"\u01af\u1edbc t\u00ednh th\u1eddi gian \u0111\u1ecdc\" \/>\n\t<meta name=\"twitter:data1\" content=\"4 ph\u00fat\" \/>\n<script type=\"application\/ld+json\" class=\"yoast-schema-graph\">{\"@context\":\"https:\/\/schema.org\",\"@graph\":[{\"@type\":\"WebPage\",\"@id\":\"https:\/\/duyhungmotor.com\/?product=anbico-xmenx\",\"url\":\"https:\/\/duyhungmotor.com\/?product=anbico-xmenx\",\"name\":\"ANBICO XMENX -\",\"isPartOf\":{\"@id\":\"https:\/\/duyhungmotor.com\/#website\"},\"datePublished\":\"2020-11-11T08:17:32+00:00\",\"dateModified\":\"2020-11-26T17:28:10+00:00\",\"breadcrumb\":{\"@id\":\"https:\/\/duyhungmotor.com\/?product=anbico-xmenx#breadcrumb\"},\"inLanguage\":\"vi\",\"potentialAction\":[{\"@type\":\"ReadAction\",\"target\":[\"https:\/\/duyhungmotor.com\/?product=anbico-xmenx\"]}]},{\"@type\":\"BreadcrumbList\",\"@id\":\"https:\/\/duyhungmotor.com\/?product=anbico-xmenx#breadcrumb\",\"itemListElement\":[{\"@type\":\"ListItem\",\"position\":1,\"name\":\"Trang ch\u1ee7\",\"item\":\"https:\/\/duyhungmotor.com\/\"},{\"@type\":\"ListItem\",\"position\":2,\"name\":\"ANBICO XMENX\"}]},{\"@type\":\"WebSite\",\"@id\":\"https:\/\/duyhungmotor.com\/#website\",\"url\":\"https:\/\/duyhungmotor.com\/\",\"name\":\"\",\"description\":\"\u0110\u1ea1i l\u00fd Xe M\u00e1y - Xe \u0110i\u1ec7n\",\"potentialAction\":[{\"@type\":\"SearchAction\",\"target\":{\"@type\":\"EntryPoint\",\"urlTemplate\":\"https:\/\/duyhungmotor.com\/?s={search_term_string}\"},\"query-input\":\"required name=search_term_string\"}],\"inLanguage\":\"vi\"}]}<\/script>\n<!-- \/ Yoast SEO plugin. -->","yoast_head_json":{"title":"ANBICO XMENX -","robots":{"index":"index","follow":"follow","max-snippet":"max-snippet:-1","max-image-preview":"max-image-preview:large","max-video-preview":"max-video-preview:-1"},"canonical":"https:\/\/duyhungmotor.com\/?product=anbico-xmenx","og_locale":"vi_VN","og_type":"article","og_title":"ANBICO XMENX -","og_description":"B\u1ea3o h\u00e0nh \u0111\u1ed9ng c\u01a1 \u0111i\u1ec7n: 1 n\u0103m.  B\u1ea3o h\u00e0nh b\u1ed9 \u0111i\u1ec1u khi\u1ec3n: 1 n\u0103m.  B\u1ea3o h\u00e0nh \u1eafc quy: thay th\u1ebf trong v\u00f2ng 6 th\u00e1ng \u2013 s\u1eeda ch\u1eefa trong v\u00f2ng 1 n\u0103m.  B\u1ea3o h\u00e0nh gi\u1ea3m s\u00f3c: gi\u1ea3m s\u00f3c tr\u01b0\u1edbc 6 th\u00e1ng \u2013 gi\u1ea3m s\u00f3c sau 2 n\u0103m  B\u1ea3o h\u00e0nh khung xe, tay l\u00e1i: trong v\u00f2ng 1 n\u0103m  Khuy\u1ebfn m\u1ea1i:   Giao h\u00e0ng mi\u1ec5n ph\u00ed trong 30km.  M\u0169 b\u1ea3o hi\u1ec3m \u0111\u1ea1t chu\u1ea9n.  \u00c1o m\u01b0a \u0111\u1ea1t chu\u1ea9n.  Gi\u1ecf xe.","og_url":"https:\/\/duyhungmotor.com\/?product=anbico-xmenx","article_modified_time":"2020-11-26T17:28:10+00:00","og_image":[{"width":906,"height":605,"url":"https:\/\/duyhungmotor.com\/wp-content\/uploads\/2020\/11\/xmenx-do.jpg","type":"image\/jpeg"}],"twitter_card":"summary_large_image","twitter_misc":{"\u01af\u1edbc t\u00ednh th\u1eddi gian \u0111\u1ecdc":"4 ph\u00fat"},"schema":{"@context":"https:\/\/schema.org","@graph":[{"@type":"WebPage","@id":"https:\/\/duyhungmotor.com\/?product=anbico-xmenx","url":"https:\/\/duyhungmotor.com\/?product=anbico-xmenx","name":"ANBICO XMENX -","isPartOf":{"@id":"https:\/\/duyhungmotor.com\/#website"},"datePublished":"2020-11-11T08:17:32+00:00","dateModified":"2020-11-26T17:28:10+00:00","breadcrumb":{"@id":"https:\/\/duyhungmotor.com\/?product=anbico-xmenx#breadcrumb"},"inLanguage":"vi","potentialAction":[{"@type":"ReadAction","target":["https:\/\/duyhungmotor.com\/?product=anbico-xmenx"]}]},{"@type":"BreadcrumbList","@id":"https:\/\/duyhungmotor.com\/?product=anbico-xmenx#breadcrumb","itemListElement":[{"@type":"ListItem","position":1,"name":"Trang ch\u1ee7","item":"https:\/\/duyhungmotor.com\/"},{"@type":"ListItem","position":2,"name":"ANBICO XMENX"}]},{"@type":"WebSite","@id":"https:\/\/duyhungmotor.com\/#website","url":"https:\/\/duyhungmotor.com\/","name":"","description":"\u0110\u1ea1i l\u00fd Xe M\u00e1y - Xe \u0110i\u1ec7n","potentialAction":[{"@type":"SearchAction","target":{"@type":"EntryPoint","urlTemplate":"https:\/\/duyhungmotor.com\/?s={search_term_string}"},"query-input":"required name=search_term_string"}],"inLanguage":"vi"}]}},"_links":{"self":[{"href":"https:\/\/duyhungmotor.com\/index.php?rest_route=\/wp\/v2\/product\/485","targetHints":{"allow":["GET"]}}],"collection":[{"href":"https:\/\/duyhungmotor.com\/index.php?rest_route=\/wp\/v2\/product"}],"about":[{"href":"https:\/\/duyhungmotor.com\/index.php?rest_route=\/wp\/v2\/types\/product"}],"wp:featuredmedia":[{"embeddable":true,"href":"https:\/\/duyhungmotor.com\/index.php?rest_route=\/wp\/v2\/media\/486"}],"wp:attachment":[{"href":"https:\/\/duyhungmotor.com\/index.php?rest_route=%2Fwp%2Fv2%2Fmedia&parent=485"}],"curies":[{"name":"wp","href":"https:\/\/api.w.org\/{rel}","templated":true}]}}