{"id":1522,"date":"2024-09-10T15:20:27","date_gmt":"2024-09-10T08:20:27","guid":{"rendered":"https:\/\/duyhungmotor.com\/?post_type=product&#038;p=1522"},"modified":"2024-09-12T21:19:00","modified_gmt":"2024-09-12T14:19:00","slug":"bo-ban-ghe-sofa","status":"publish","type":"product","link":"https:\/\/duyhungmotor.com\/?product=bo-ban-ghe-sofa","title":{"rendered":"B\u1ed9 b\u00e0n gh\u1ebf Sofa &#8211; SOFA4"},"content":{"rendered":"<p>+ 02 Gh\u1ebf \u0111\u01a1n c\u00f3 k\u00edch th\u01b0\u1edbc W800 x D800 x H850 mm;<br \/>\n+ 01 Gh\u1ebf b\u0103ng c\u00f3 k\u00edch th\u01b0\u1edbc W2600 x D800 x H850 mm.<br \/>\n&#8211; Ch\u1ea5t li\u1ec7u:<br \/>\n+ Gh\u1ebf 2 b\u00ean b\u1eb1ng g\u1ed7 c\u00f4ng nghi\u1ec7p cao c\u1ea5p s\u01a1n m\u00e0u c\u00e1nh gi\u00e1n, khung b\u1eb1ng g\u1ed7, ch\u00e2n gh\u1ebf b\u1eb1ng inox.<br \/>\n+ \u0110\u1ec7m t\u1ef1a b\u1ecdc PVC ho\u1eb7c da cao c\u1ea5p.<br \/>\n+ Xu\u1ea5t x\u1ee9: Vi\u1ec7t Nam.<br \/>\n&#8211; B\u00e0n Sofa 4<br \/>\n+ K\u00edch th\u01b0\u1edbc: W1000 x D600 x H450 mm<br \/>\n+ Ch\u1ea5t li\u1ec7u: M\u1eb7t b\u00e0n, ch\u00e2n b\u00e0n b\u1eb1ng g\u1ed7 c\u00f4ng nghi\u1ec7p cao c\u1ea5p, s\u01a1n ph\u1ee7 PU.<\/p>\n","protected":false},"excerpt":{"rendered":"<p>+ 02 Gh\u1ebf \u0111\u01a1n c\u00f3 k\u00edch th\u01b0\u1edbc W800 x D800 x H850 mm; + 01 Gh\u1ebf b\u0103ng c\u00f3 k\u00edch th\u01b0\u1edbc W2600 x D800 x H850 mm. &#8211; Ch\u1ea5t li\u1ec7u: + Gh\u1ebf 2 b\u00ean b\u1eb1ng g\u1ed7 c\u00f4ng nghi\u1ec7p cao c\u1ea5p s\u01a1n m\u00e0u c\u00e1nh gi\u00e1n, khung b\u1eb1ng g\u1ed7, ch\u00e2n gh\u1ebf b\u1eb1ng inox. + \u0110\u1ec7m t\u1ef1a b\u1ecdc PVC [&hellip;]<\/p>\n","protected":false},"featured_media":1523,"template":"","meta":[],"class_list":{"0":"post-1522","1":"product","2":"type-product","3":"status-publish","4":"has-post-thumbnail","6":"product_cat-noi-that-gia-dinh","8":"first","9":"instock","10":"shipping-taxable","11":"product-type-simple"},"yoast_head":"<!-- This site is optimized with the Yoast SEO plugin v19.10 - https:\/\/yoast.com\/wordpress\/plugins\/seo\/ -->\n<title>B\u1ed9 b\u00e0n gh\u1ebf Sofa - SOFA4 -<\/title>\n<meta name=\"robots\" content=\"index, follow, max-snippet:-1, max-image-preview:large, max-video-preview:-1\" \/>\n<link rel=\"canonical\" href=\"https:\/\/duyhungmotor.com\/?product=bo-ban-ghe-sofa\" \/>\n<meta property=\"og:locale\" content=\"vi_VN\" \/>\n<meta property=\"og:type\" content=\"article\" \/>\n<meta property=\"og:title\" content=\"B\u1ed9 b\u00e0n gh\u1ebf Sofa - SOFA4 -\" \/>\n<meta property=\"og:description\" content=\"+ 02 Gh\u1ebf \u0111\u01a1n c\u00f3 k\u00edch th\u01b0\u1edbc W800 x D800 x H850 mm; + 01 Gh\u1ebf b\u0103ng c\u00f3 k\u00edch th\u01b0\u1edbc W2600 x D800 x H850 mm. &#8211; Ch\u1ea5t li\u1ec7u: + Gh\u1ebf 2 b\u00ean b\u1eb1ng g\u1ed7 c\u00f4ng nghi\u1ec7p cao c\u1ea5p s\u01a1n m\u00e0u c\u00e1nh gi\u00e1n, khung b\u1eb1ng g\u1ed7, ch\u00e2n gh\u1ebf b\u1eb1ng inox. + \u0110\u1ec7m t\u1ef1a b\u1ecdc PVC [&hellip;]\" \/>\n<meta property=\"og:url\" content=\"https:\/\/duyhungmotor.com\/?product=bo-ban-ghe-sofa\" \/>\n<meta property=\"article:modified_time\" content=\"2024-09-12T14:19:00+00:00\" \/>\n<meta property=\"og:image\" content=\"https:\/\/duyhungmotor.com\/wp-content\/uploads\/2024\/09\/Anh-man-hinh-2024-09-10-luc-15.19.51.png\" \/>\n\t<meta property=\"og:image:width\" content=\"756\" \/>\n\t<meta property=\"og:image:height\" content=\"570\" \/>\n\t<meta property=\"og:image:type\" content=\"image\/png\" \/>\n<meta name=\"twitter:card\" content=\"summary_large_image\" \/>\n<meta name=\"twitter:label1\" content=\"\u01af\u1edbc t\u00ednh th\u1eddi gian \u0111\u1ecdc\" \/>\n\t<meta name=\"twitter:data1\" content=\"1 ph\u00fat\" \/>\n<script type=\"application\/ld+json\" class=\"yoast-schema-graph\">{\"@context\":\"https:\/\/schema.org\",\"@graph\":[{\"@type\":\"WebPage\",\"@id\":\"https:\/\/duyhungmotor.com\/?product=bo-ban-ghe-sofa\",\"url\":\"https:\/\/duyhungmotor.com\/?product=bo-ban-ghe-sofa\",\"name\":\"B\u1ed9 b\u00e0n gh\u1ebf Sofa - SOFA4 -\",\"isPartOf\":{\"@id\":\"https:\/\/duyhungmotor.com\/#website\"},\"datePublished\":\"2024-09-10T08:20:27+00:00\",\"dateModified\":\"2024-09-12T14:19:00+00:00\",\"breadcrumb\":{\"@id\":\"https:\/\/duyhungmotor.com\/?product=bo-ban-ghe-sofa#breadcrumb\"},\"inLanguage\":\"vi\",\"potentialAction\":[{\"@type\":\"ReadAction\",\"target\":[\"https:\/\/duyhungmotor.com\/?product=bo-ban-ghe-sofa\"]}]},{\"@type\":\"BreadcrumbList\",\"@id\":\"https:\/\/duyhungmotor.com\/?product=bo-ban-ghe-sofa#breadcrumb\",\"itemListElement\":[{\"@type\":\"ListItem\",\"position\":1,\"name\":\"Trang ch\u1ee7\",\"item\":\"https:\/\/duyhungmotor.com\/\"},{\"@type\":\"ListItem\",\"position\":2,\"name\":\"B\u1ed9 b\u00e0n gh\u1ebf Sofa &#8211; SOFA4\"}]},{\"@type\":\"WebSite\",\"@id\":\"https:\/\/duyhungmotor.com\/#website\",\"url\":\"https:\/\/duyhungmotor.com\/\",\"name\":\"\",\"description\":\"\u0110\u1ea1i l\u00fd Xe M\u00e1y - Xe \u0110i\u1ec7n\",\"potentialAction\":[{\"@type\":\"SearchAction\",\"target\":{\"@type\":\"EntryPoint\",\"urlTemplate\":\"https:\/\/duyhungmotor.com\/?s={search_term_string}\"},\"query-input\":\"required name=search_term_string\"}],\"inLanguage\":\"vi\"}]}<\/script>\n<!-- \/ Yoast SEO plugin. -->","yoast_head_json":{"title":"B\u1ed9 b\u00e0n gh\u1ebf Sofa - SOFA4 -","robots":{"index":"index","follow":"follow","max-snippet":"max-snippet:-1","max-image-preview":"max-image-preview:large","max-video-preview":"max-video-preview:-1"},"canonical":"https:\/\/duyhungmotor.com\/?product=bo-ban-ghe-sofa","og_locale":"vi_VN","og_type":"article","og_title":"B\u1ed9 b\u00e0n gh\u1ebf Sofa - SOFA4 -","og_description":"+ 02 Gh\u1ebf \u0111\u01a1n c\u00f3 k\u00edch th\u01b0\u1edbc W800 x D800 x H850 mm; + 01 Gh\u1ebf b\u0103ng c\u00f3 k\u00edch th\u01b0\u1edbc W2600 x D800 x H850 mm. &#8211; Ch\u1ea5t li\u1ec7u: + Gh\u1ebf 2 b\u00ean b\u1eb1ng g\u1ed7 c\u00f4ng nghi\u1ec7p cao c\u1ea5p s\u01a1n m\u00e0u c\u00e1nh gi\u00e1n, khung b\u1eb1ng g\u1ed7, ch\u00e2n gh\u1ebf b\u1eb1ng inox. + \u0110\u1ec7m t\u1ef1a b\u1ecdc PVC [&hellip;]","og_url":"https:\/\/duyhungmotor.com\/?product=bo-ban-ghe-sofa","article_modified_time":"2024-09-12T14:19:00+00:00","og_image":[{"width":756,"height":570,"url":"https:\/\/duyhungmotor.com\/wp-content\/uploads\/2024\/09\/Anh-man-hinh-2024-09-10-luc-15.19.51.png","type":"image\/png"}],"twitter_card":"summary_large_image","twitter_misc":{"\u01af\u1edbc t\u00ednh th\u1eddi gian \u0111\u1ecdc":"1 ph\u00fat"},"schema":{"@context":"https:\/\/schema.org","@graph":[{"@type":"WebPage","@id":"https:\/\/duyhungmotor.com\/?product=bo-ban-ghe-sofa","url":"https:\/\/duyhungmotor.com\/?product=bo-ban-ghe-sofa","name":"B\u1ed9 b\u00e0n gh\u1ebf Sofa - SOFA4 -","isPartOf":{"@id":"https:\/\/duyhungmotor.com\/#website"},"datePublished":"2024-09-10T08:20:27+00:00","dateModified":"2024-09-12T14:19:00+00:00","breadcrumb":{"@id":"https:\/\/duyhungmotor.com\/?product=bo-ban-ghe-sofa#breadcrumb"},"inLanguage":"vi","potentialAction":[{"@type":"ReadAction","target":["https:\/\/duyhungmotor.com\/?product=bo-ban-ghe-sofa"]}]},{"@type":"BreadcrumbList","@id":"https:\/\/duyhungmotor.com\/?product=bo-ban-ghe-sofa#breadcrumb","itemListElement":[{"@type":"ListItem","position":1,"name":"Trang ch\u1ee7","item":"https:\/\/duyhungmotor.com\/"},{"@type":"ListItem","position":2,"name":"B\u1ed9 b\u00e0n gh\u1ebf Sofa &#8211; SOFA4"}]},{"@type":"WebSite","@id":"https:\/\/duyhungmotor.com\/#website","url":"https:\/\/duyhungmotor.com\/","name":"","description":"\u0110\u1ea1i l\u00fd Xe M\u00e1y - Xe \u0110i\u1ec7n","potentialAction":[{"@type":"SearchAction","target":{"@type":"EntryPoint","urlTemplate":"https:\/\/duyhungmotor.com\/?s={search_term_string}"},"query-input":"required name=search_term_string"}],"inLanguage":"vi"}]}},"_links":{"self":[{"href":"https:\/\/duyhungmotor.com\/index.php?rest_route=\/wp\/v2\/product\/1522","targetHints":{"allow":["GET"]}}],"collection":[{"href":"https:\/\/duyhungmotor.com\/index.php?rest_route=\/wp\/v2\/product"}],"about":[{"href":"https:\/\/duyhungmotor.com\/index.php?rest_route=\/wp\/v2\/types\/product"}],"wp:featuredmedia":[{"embeddable":true,"href":"https:\/\/duyhungmotor.com\/index.php?rest_route=\/wp\/v2\/media\/1523"}],"wp:attachment":[{"href":"https:\/\/duyhungmotor.com\/index.php?rest_route=%2Fwp%2Fv2%2Fmedia&parent=1522"}],"curies":[{"name":"wp","href":"https:\/\/api.w.org\/{rel}","templated":true}]}}