{"id":1185,"date":"2021-10-05T08:10:55","date_gmt":"2021-10-05T01:10:55","guid":{"rendered":"http:\/\/duyhungmotor.com\/?post_type=product&#038;p=1185"},"modified":"2021-10-05T09:28:22","modified_gmt":"2021-10-05T02:28:22","slug":"honda-vision-2020","status":"publish","type":"product","link":"https:\/\/duyhungmotor.com\/?product=honda-vision-2020","title":{"rendered":"Honda vision 2020"},"content":{"rendered":"<div class=\"row spec-item\">\n<div class=\"col-12 col-lg-5 spec-item-label\">Kh\u1ed1i l\u01b0\u1ee3ng b\u1ea3n th\u00e2n<\/div>\n<div class=\"col-12 col-lg-7 spec-item-value\">\n<p>Phi\u00ean b\u1ea3n Ti\u00eau chu\u1ea9n: 96kg<br \/>\nPhi\u00ean b\u1ea3n \u0110\u1eb7c bi\u1ec7t v\u00e0 Cao c\u1ea5p: 97kg<\/p>\n<\/div>\n<\/div>\n<div class=\"row spec-item\">\n<div class=\"col-12 col-lg-5 spec-item-label\">D\u00e0i x R\u1ed9ng x Cao<\/div>\n<div class=\"col-12 col-lg-7 spec-item-value\">\n<p>1.871mm x 686mm x 1.101mm<\/p>\n<\/div>\n<\/div>\n<div class=\"row justify-content-center spec-item\">\n<div class=\"col-12 col-lg-5 spec-item-label\">Kho\u1ea3ng c\u00e1ch tr\u1ee5c b\u00e1nh xe<\/div>\n<div class=\"col-12 col-lg-7 spec-item-value\">\n<p>1.255mm<\/p>\n<\/div>\n<\/div>\n<div class=\"row spec-item\">\n<div class=\"col-12 col-lg-5 spec-item-label\">\u0110\u1ed9 cao y\u00ean<\/div>\n<div class=\"col-12 col-lg-7 spec-item-value\">\n<p>761mm<\/p>\n<\/div>\n<\/div>\n<div class=\"row spec-item\">\n<div class=\"col-12 col-lg-5 spec-item-label\">Kho\u1ea3ng s\u00e1ng g\u1ea7m xe<\/div>\n<div class=\"col-12 col-lg-7 spec-item-value\">\n<p>120mm<\/p>\n<\/div>\n<\/div>\n<div class=\"row spec-item\">\n<div class=\"col-12 col-lg-5 spec-item-label\">Dung t\u00edch b\u00ecnh x\u0103ng<\/div>\n<div class=\"col-12 col-lg-7 spec-item-value\">\n<p>4,9 l\u00edt<\/p>\n<\/div>\n<\/div>\n<div class=\"row spec-item\">\n<div class=\"col-12 col-lg-5 spec-item-label\">K\u00edch c\u1ee1 l\u1edbp tr\u01b0\u1edbc\/ sau<\/div>\n<div class=\"col-12 col-lg-7 spec-item-value\">\n<p>Tr\u01b0\u1edbc: 80\/90-14M\/C 40P<br \/>\nSau: 90\/90-14M\/C 46P<\/p>\n<\/div>\n<\/div>\n<div class=\"row spec-item\">\n<div class=\"col-12 col-lg-5 spec-item-label\">Phu\u1ed9c tr\u01b0\u1edbc<\/div>\n<div class=\"col-12 col-lg-7 spec-item-value\">\n<p>\u1ed0ng l\u1ed3ng, gi\u1ea3m ch\u1ea5n th\u1ee7y l\u1ef1c<\/p>\n<\/div>\n<\/div>\n<div class=\"row spec-item\">\n<div class=\"col-12 col-lg-5 spec-item-label\">Phu\u1ed9c sau<\/div>\n<div class=\"col-12 col-lg-7 spec-item-value\">\n<p>L\u00f2 xo tr\u1ee5 \u0111\u01a1n, gi\u1ea3m ch\u1ea5n th\u1ee7y l\u1ef1c<\/p>\n<\/div>\n<\/div>\n<div class=\"row spec-item\">\n<div class=\"col-12 col-lg-5 spec-item-label\">Lo\u1ea1i \u0111\u1ed9ng c\u01a1<\/div>\n<div class=\"col-12 col-lg-7 spec-item-value\">\n<p>X\u0103ng, 4 k\u1ef3, 1 xi-lanh, l\u00e0m m\u00e1t b\u1eb1ng kh\u00f4ng kh\u00ed<\/p>\n<\/div>\n<\/div>\n<div class=\"row spec-item\">\n<div class=\"col-12 col-lg-5 spec-item-label\">C\u00f4ng su\u1ea5t t\u1ed1i \u0111a<\/div>\n<div class=\"col-12 col-lg-7 spec-item-value\">\n<p>6,59kW\/7.500 v\u00f2ng\/ph\u00fat<\/p>\n<\/div>\n<\/div>\n<div class=\"row spec-item\">\n<div class=\"col-12 col-lg-5 spec-item-label\">Dung t\u00edch nh\u1edbt m\u00e1y<\/div>\n<div class=\"col-12 col-lg-7 spec-item-value\">\n<p>0,65 l\u00edt khi thay d\u1ea7u<br \/>\n0,8 l\u00edt khi r\u00e3 m\u00e1y&#8221;<\/p>\n<\/div>\n<\/div>\n<div class=\"row spec-item\">\n<div class=\"col-12 col-lg-5 spec-item-label\">M\u1ee9c ti\u00eau th\u1ee5 nhi\u00ean li\u1ec7u<\/div>\n<div class=\"col-12 col-lg-7 spec-item-value\">\n<p>1,88 (L\/100km)<\/p>\n<\/div>\n<\/div>\n<div class=\"row spec-item\">\n<div class=\"col-12 col-lg-5 spec-item-label\">Lo\u1ea1i truy\u1ec1n \u0111\u1ed9ng<\/div>\n<div class=\"col-12 col-lg-7 spec-item-value\">\n<p>\u0110ai<\/p>\n<\/div>\n<\/div>\n<div class=\"row spec-item\">\n<div class=\"col-12 col-lg-5 spec-item-label\">H\u1ec7 th\u1ed1ng kh\u1edfi \u0111\u1ed9ng<\/div>\n<div class=\"col-12 col-lg-7 spec-item-value\">\n<p>\u0110i\u1ec7n<\/p>\n<\/div>\n<\/div>\n<div class=\"row spec-item\">\n<div class=\"col-12 col-lg-5 spec-item-label\">Moment c\u1ef1c \u0111\u1ea1i<\/div>\n<div class=\"col-12 col-lg-7 spec-item-value\">\n<p>9,29Nm\/6.000 v\u00f2ng\/ph\u00fat<\/p>\n<\/div>\n<\/div>\n<div class=\"row spec-item\">\n<div class=\"col-12 col-lg-5 spec-item-label\">Dung t\u00edch xy-lanh<\/div>\n<div class=\"col-12 col-lg-7 spec-item-value\">\n<p>109,5cm3<\/p>\n<\/div>\n<\/div>\n<div class=\"row spec-item\">\n<div class=\"col-12 col-lg-5 spec-item-label\">\u0110\u01b0\u1eddng k\u00ednh x H\u00e0nh tr\u00ecnh p\u00edt t\u00f4ng<\/div>\n<div class=\"col-12 col-lg-7 spec-item-value\">\n<p>47,0mm x 63,1mm<\/p>\n<\/div>\n<\/div>\n<div class=\"row spec-item\">\n<div class=\"col-12 col-lg-5 spec-item-label\">T\u1ef7 s\u1ed1 n\u00e9n<\/div>\n<div class=\"col-12 col-lg-7 spec-item-value\">\n<p>10,0:1<\/p>\n<\/div>\n<\/div>\n","protected":false},"excerpt":{"rendered":"<p>Th\u00e2n xe nh\u1ecf g\u1ecdn k\u1ebf th\u1eeba n\u00e9t thi\u1ebft k\u1ebf c\u1ee7a d\u00f2ng xe SH, v\u1edbi nh\u1eefng \u0111\u01b0\u1eddng n\u00e9t r\u00f5 r\u00e0ng, li\u1ec1n m\u1ea1ch k\u1ebft h\u1ee3p h\u00e0i h\u00f2a v\u1edbi phong c\u00e1ch tr\u1ebb trung, thanh l\u1ecbch, nay \u0111\u01b0\u1ee3c b\u1ed5 sung th\u00eam m\u00e0u xanh d\u01b0\u1edbng nh\u00e1m m\u1edbi l\u1ea1 gi\u00fap mang \u0111\u1ebfn di\u1ec7n m\u1ea1o m\u1edbi cao c\u1ea5p, n\u1ed5i b\u1eadt v\u00e0 cu\u1ed1n h\u00fat h\u01a1n.<\/p>\n","protected":false},"featured_media":1190,"template":"","meta":[],"class_list":{"0":"post-1185","1":"product","2":"type-product","3":"status-publish","4":"has-post-thumbnail","6":"product_cat-xe-may-honda","8":"first","9":"instock","10":"featured","11":"shipping-taxable","12":"product-type-simple"},"yoast_head":"<!-- This site is optimized with the Yoast SEO plugin v19.10 - https:\/\/yoast.com\/wordpress\/plugins\/seo\/ -->\n<title>Honda vision 2020 -<\/title>\n<meta name=\"robots\" content=\"index, follow, max-snippet:-1, max-image-preview:large, max-video-preview:-1\" \/>\n<link rel=\"canonical\" href=\"https:\/\/duyhungmotor.com\/?product=honda-vision-2020\" \/>\n<meta property=\"og:locale\" content=\"vi_VN\" \/>\n<meta property=\"og:type\" content=\"article\" \/>\n<meta property=\"og:title\" content=\"Honda vision 2020 -\" \/>\n<meta property=\"og:description\" content=\"Th\u00e2n xe nh\u1ecf g\u1ecdn k\u1ebf th\u1eeba n\u00e9t thi\u1ebft k\u1ebf c\u1ee7a d\u00f2ng xe SH, v\u1edbi nh\u1eefng \u0111\u01b0\u1eddng n\u00e9t r\u00f5 r\u00e0ng, li\u1ec1n m\u1ea1ch k\u1ebft h\u1ee3p h\u00e0i h\u00f2a v\u1edbi phong c\u00e1ch tr\u1ebb trung, thanh l\u1ecbch, nay \u0111\u01b0\u1ee3c b\u1ed5 sung th\u00eam m\u00e0u xanh d\u01b0\u1edbng nh\u00e1m m\u1edbi l\u1ea1 gi\u00fap mang \u0111\u1ebfn di\u1ec7n m\u1ea1o m\u1edbi cao c\u1ea5p, n\u1ed5i b\u1eadt v\u00e0 cu\u1ed1n h\u00fat h\u01a1n.\" \/>\n<meta property=\"og:url\" content=\"https:\/\/duyhungmotor.com\/?product=honda-vision-2020\" \/>\n<meta property=\"article:modified_time\" content=\"2021-10-05T02:28:22+00:00\" \/>\n<meta property=\"og:image\" content=\"https:\/\/duyhungmotor.com\/wp-content\/uploads\/2021\/10\/HjIbraojXjvocCEgoXiB.png\" \/>\n\t<meta property=\"og:image:width\" content=\"550\" \/>\n\t<meta property=\"og:image:height\" content=\"400\" \/>\n\t<meta property=\"og:image:type\" content=\"image\/png\" \/>\n<meta name=\"twitter:card\" content=\"summary_large_image\" \/>\n<meta name=\"twitter:label1\" content=\"\u01af\u1edbc t\u00ednh th\u1eddi gian \u0111\u1ecdc\" \/>\n\t<meta name=\"twitter:data1\" content=\"1 ph\u00fat\" \/>\n<script type=\"application\/ld+json\" class=\"yoast-schema-graph\">{\"@context\":\"https:\/\/schema.org\",\"@graph\":[{\"@type\":\"WebPage\",\"@id\":\"https:\/\/duyhungmotor.com\/?product=honda-vision-2020\",\"url\":\"https:\/\/duyhungmotor.com\/?product=honda-vision-2020\",\"name\":\"Honda vision 2020 -\",\"isPartOf\":{\"@id\":\"https:\/\/duyhungmotor.com\/#website\"},\"datePublished\":\"2021-10-05T01:10:55+00:00\",\"dateModified\":\"2021-10-05T02:28:22+00:00\",\"breadcrumb\":{\"@id\":\"https:\/\/duyhungmotor.com\/?product=honda-vision-2020#breadcrumb\"},\"inLanguage\":\"vi\",\"potentialAction\":[{\"@type\":\"ReadAction\",\"target\":[\"https:\/\/duyhungmotor.com\/?product=honda-vision-2020\"]}]},{\"@type\":\"BreadcrumbList\",\"@id\":\"https:\/\/duyhungmotor.com\/?product=honda-vision-2020#breadcrumb\",\"itemListElement\":[{\"@type\":\"ListItem\",\"position\":1,\"name\":\"Trang ch\u1ee7\",\"item\":\"https:\/\/duyhungmotor.com\/\"},{\"@type\":\"ListItem\",\"position\":2,\"name\":\"Honda vision 2020\"}]},{\"@type\":\"WebSite\",\"@id\":\"https:\/\/duyhungmotor.com\/#website\",\"url\":\"https:\/\/duyhungmotor.com\/\",\"name\":\"\",\"description\":\"\u0110\u1ea1i l\u00fd Xe M\u00e1y - Xe \u0110i\u1ec7n\",\"potentialAction\":[{\"@type\":\"SearchAction\",\"target\":{\"@type\":\"EntryPoint\",\"urlTemplate\":\"https:\/\/duyhungmotor.com\/?s={search_term_string}\"},\"query-input\":\"required name=search_term_string\"}],\"inLanguage\":\"vi\"}]}<\/script>\n<!-- \/ Yoast SEO plugin. -->","yoast_head_json":{"title":"Honda vision 2020 -","robots":{"index":"index","follow":"follow","max-snippet":"max-snippet:-1","max-image-preview":"max-image-preview:large","max-video-preview":"max-video-preview:-1"},"canonical":"https:\/\/duyhungmotor.com\/?product=honda-vision-2020","og_locale":"vi_VN","og_type":"article","og_title":"Honda vision 2020 -","og_description":"Th\u00e2n xe nh\u1ecf g\u1ecdn k\u1ebf th\u1eeba n\u00e9t thi\u1ebft k\u1ebf c\u1ee7a d\u00f2ng xe SH, v\u1edbi nh\u1eefng \u0111\u01b0\u1eddng n\u00e9t r\u00f5 r\u00e0ng, li\u1ec1n m\u1ea1ch k\u1ebft h\u1ee3p h\u00e0i h\u00f2a v\u1edbi phong c\u00e1ch tr\u1ebb trung, thanh l\u1ecbch, nay \u0111\u01b0\u1ee3c b\u1ed5 sung th\u00eam m\u00e0u xanh d\u01b0\u1edbng nh\u00e1m m\u1edbi l\u1ea1 gi\u00fap mang \u0111\u1ebfn di\u1ec7n m\u1ea1o m\u1edbi cao c\u1ea5p, n\u1ed5i b\u1eadt v\u00e0 cu\u1ed1n h\u00fat h\u01a1n.","og_url":"https:\/\/duyhungmotor.com\/?product=honda-vision-2020","article_modified_time":"2021-10-05T02:28:22+00:00","og_image":[{"width":550,"height":400,"url":"https:\/\/duyhungmotor.com\/wp-content\/uploads\/2021\/10\/HjIbraojXjvocCEgoXiB.png","type":"image\/png"}],"twitter_card":"summary_large_image","twitter_misc":{"\u01af\u1edbc t\u00ednh th\u1eddi gian \u0111\u1ecdc":"1 ph\u00fat"},"schema":{"@context":"https:\/\/schema.org","@graph":[{"@type":"WebPage","@id":"https:\/\/duyhungmotor.com\/?product=honda-vision-2020","url":"https:\/\/duyhungmotor.com\/?product=honda-vision-2020","name":"Honda vision 2020 -","isPartOf":{"@id":"https:\/\/duyhungmotor.com\/#website"},"datePublished":"2021-10-05T01:10:55+00:00","dateModified":"2021-10-05T02:28:22+00:00","breadcrumb":{"@id":"https:\/\/duyhungmotor.com\/?product=honda-vision-2020#breadcrumb"},"inLanguage":"vi","potentialAction":[{"@type":"ReadAction","target":["https:\/\/duyhungmotor.com\/?product=honda-vision-2020"]}]},{"@type":"BreadcrumbList","@id":"https:\/\/duyhungmotor.com\/?product=honda-vision-2020#breadcrumb","itemListElement":[{"@type":"ListItem","position":1,"name":"Trang ch\u1ee7","item":"https:\/\/duyhungmotor.com\/"},{"@type":"ListItem","position":2,"name":"Honda vision 2020"}]},{"@type":"WebSite","@id":"https:\/\/duyhungmotor.com\/#website","url":"https:\/\/duyhungmotor.com\/","name":"","description":"\u0110\u1ea1i l\u00fd Xe M\u00e1y - Xe \u0110i\u1ec7n","potentialAction":[{"@type":"SearchAction","target":{"@type":"EntryPoint","urlTemplate":"https:\/\/duyhungmotor.com\/?s={search_term_string}"},"query-input":"required name=search_term_string"}],"inLanguage":"vi"}]}},"_links":{"self":[{"href":"https:\/\/duyhungmotor.com\/index.php?rest_route=\/wp\/v2\/product\/1185","targetHints":{"allow":["GET"]}}],"collection":[{"href":"https:\/\/duyhungmotor.com\/index.php?rest_route=\/wp\/v2\/product"}],"about":[{"href":"https:\/\/duyhungmotor.com\/index.php?rest_route=\/wp\/v2\/types\/product"}],"wp:featuredmedia":[{"embeddable":true,"href":"https:\/\/duyhungmotor.com\/index.php?rest_route=\/wp\/v2\/media\/1190"}],"wp:attachment":[{"href":"https:\/\/duyhungmotor.com\/index.php?rest_route=%2Fwp%2Fv2%2Fmedia&parent=1185"}],"curies":[{"name":"wp","href":"https:\/\/api.w.org\/{rel}","templated":true}]}}